-- http://www.phpmyadmin.net
--
-- Servidor: 127.0.0.1
-- Tiempo de generación: 27-03-2016 a las 05:51:07
-- Versión del servidor: 10.1.9-MariaDB
-- Versión de PHP: 5.6.15




--
-- Base de datos: `ayuntamiento_tenosique`
--

DELIMITER $$
--
-- Procedimientos
--
CREATE DEFINER=`root`@`localhost` PROCEDURE `insertar_imagen` (IN `k_noticia` INT, IN `k_imagen_noticia` INT, IN `k_tipo_imagen` INT, IN `cin_url` VARCHAR(255))  BEGIN
	insert into cat_imagenes_noticias (k_noticia, k_imagen_noticia, k_tipo_imagen, cin_url) values (k_noticia, k_imagen_noticia, k_tipo_imagen, cin_url);
END$$

CREATE DEFINER=`root`@`localhost` PROCEDURE `insertar_parrafos` (IN `k_noticia` INT, IN `k_parrafo_noticia` INT, IN `cpn_descripcion` TEXT, IN `cpn_encabezado` TEXT)  BEGIN
	insert into cat_parrafos_noticias (k_noticia, k_parrafo_noticia, cpn_descripcion, cpn_encabezado) values (k_noticia, k_parrafo_noticia, cpn_descripcion, cpn_encabezado);
END$$

DELIMITER ;

-- --------------------------------------------------------

--
-- Estructura de tabla para la tabla `cat_comentarios`
--

CREATE TABLE `cat_comentarios` (
  `k_comentario` decimal(5,0) NOT NULL,
  `cc_nombre` text,
  `cc_email` text,
  `cc_comentario` text,
  `cc_fecha` date NOT NULL
) ENGINE=InnoDB DEFAULT CHARSET=latin1;

-- --------------------------------------------------------

--
-- Estructura de tabla para la tabla `cat_imagenes_noticias`
--

CREATE TABLE `cat_imagenes_noticias` (
  `k_imagen_noticia` decimal(6,0) NOT NULL,
  `cin_descripcion` text,
  `cin_url` text,
  `k_noticia` decimal(6,0) NOT NULL,
  `k_tipo_imagen` decimal(2,0) DEFAULT NULL
) ENGINE=InnoDB DEFAULT CHARSET=latin1;

--
-- Volcado de datos para la tabla `cat_imagenes_noticias`
--

INSERT INTO `cat_imagenes_noticias` (`k_imagen_noticia`, `cin_descripcion`, `cin_url`, `k_noticia`, `k_tipo_imagen`) VALUES
('1', NULL, 're4.jpg', '1', '1'),
('2', NULL, 're1.jpg', '1', '2'),
('3', NULL, 're2.jpg', '1', '2'),
('4', NULL, 're3.jpg', '1', '2'),
('1', NULL, 'ape4.jpg', '2', '1'),
('2', NULL, 'ape1.jpg', '2', '2'),
('3', NULL, 'ape2.jpg', '2', '2'),
('4', NULL, 'ape3.jpg', '2', '2'),
('1', NULL, 'rl1.jpg', '3', '1'),
('2', NULL, 'rl2.jpg', '3', '2'),
('1', NULL, 'ro1.jpg', '4', '1'),
('2', NULL, 'ro2.jpg', '4', '2'),
('1', NULL, 'rt1.jpg', '5', '1'),
('2', NULL, 'rt2.jpg', '5', '2'),
('3', NULL, 'rt3.jpg', '5', '2'),
('1', NULL, 'si1.jpg', '6', '1'),
('2', NULL, 'si2.jpg', '6', '2'),
('3', NULL, 'si3.jpg', '6', '2'),
('1', NULL, 'ba1.jpg', '7', '1'),
('1', NULL, 'az1.jpg', '8', '1'),
('2', NULL, 'az2.jpg', '8', '2'),
('3', NULL, 'az3.jpg', '8', '2'),
('4', NULL, 'az4.jpg', '8', '2'),
('5', NULL, 'az5.jpg', '8', '2'),
('1', NULL, 'bc1.jpg', '9', '1'),
('1', NULL, 'db1.jpg', '10', '1'),
('2', NULL, 'db2.jpg', '10', '2'),
('3', NULL, 'db3.jpg', '10', '2'),
('4', NULL, 'db4.jpg', '10', '2'),
('5', NULL, 'db5.jpg', '10', '2'),
('1', NULL, 'sm1.jpg', '11', '1'),
('2', NULL, 'sm2.jpg', '11', '2'),
('3', NULL, 'sm3.jpg', '11', '2'),
('4', NULL, 'sm4.jpg', '11', '2'),
('1', NULL, 'ag1.jpg', '12', '1'),
('2', NULL, 'ag2.jpg', '12', '2'),
('3', NULL, 'ag3.jpg', '12', '2'),
('4', NULL, 'ag4.jpg', '12', '2'),
('5', NULL, 'ag5.jpg', '12', '2'),
('1', NULL, 'id.jpg', '13', '1'),
('1', NULL, 'ca1.jpg', '14', '1'),
('2', NULL, 'ca2.jpg', '14', '2'),
('3', NULL, 'ca3.jpg', '14', '2'),
('4', NULL, 'ca4.jpg', '14', '2'),
('5', NULL, 'ca5.jpg', '14', '2'),
('6', NULL, 'ca6.jpg', '14', '2'),
('1', NULL, 'ep1.jpg', '15', '1'),
('2', NULL, 'ep2.jpg', '15', '2'),
('3', NULL, 'ep3.jpg', '15', '2'),
('4', NULL, 'ep4.jpg', '15', '2'),
('5', NULL, 'ep5.jpg', '15', '2'),
('6', NULL, 'ep6.jpg', '15', '2'),
('1', NULL, 'ej1.jpg', '16', '1'),
('2', NULL, 'ej2.jpg', '16', '2'),
('1', NULL, 'cat1.jpg', '17', '1'),
('2', NULL, 'cat2.jpg', '17', '2'),
('3', NULL, 'cat3.jpg', '17', '2'),
('4', NULL, 'cat4.jpg', '17', '2'),
('1', NULL, 'gmc1.jpg', '18', '1'),
('2', NULL, 'gmc2.jpg', '18', '2'),
('3', NULL, 'gmc3.jpg', '18', '2'),
('4', NULL, 'gmc4.jpg', '18', '2'),
('5', NULL, 'gmc5.jpg', '18', '2'),
('6', NULL, 'gmc6.jpg', '18', '2'),
('7', NULL, 'gmc7.jpg', '18', '2'),
('8', NULL, 'gmc8.jpg', '18', '2'),
('9', NULL, 'gmc9.jpg', '18', '2'),
('10', NULL, 'gmc10.jpg', '18', '2'),
('1', NULL, 'tcp1.jpg', '19', '1'),
('2', NULL, 'tcp2.jpg', '19', '2'),
('3', NULL, 'tcp3.jpg', '19', '2'),
('4', NULL, 'tcp4.jpg', '19', '2'),
('5', NULL, 'tcp5.jpg', '19', '2'),
('6', NULL, 'tcp6.jpg', '19', '2'),
('7', NULL, 'tcp7.jpg', '19', '2'),
('8', NULL, 'tcp8.jpg', '19', '2'),
('1', NULL, 'pde1.jpg', '20', '1'),
('2', NULL, 'pde2.jpg', '20', '2'),
('3', NULL, 'pde3.jpg', '20', '2'),
('4', NULL, 'pde4.jpg', '20', '2'),
('5', NULL, 'pde5.jpg', '20', '2'),
('1', NULL, 'rac1.jpg', '21', '1'),
('2', NULL, 'rac2.jpg', '21', '2'),
('3', NULL, 'rac3.jpg', '21', '2'),
('4', NULL, 'rac4.jpg', '21', '2'),
('5', NULL, 'rac5.jpg', '21', '2'),
('6', NULL, 'rac6.jpg', '21', '2'),
('1', NULL, 'rp1.jpg', '22', '1'),
('2', NULL, 'rp2.jpg', '22', '2'),
('1', NULL, 'ig1.jpg', '23', '1'),
('2', NULL, 'ig2.jpg', '23', '2'),
('3', NULL, 'ig3.jpg', '23', '2'),
('4', NULL, 'ig4.jpg', '23', '2'),
('5', NULL, 'ig5.jpg', '23', '2'),
('6', NULL, 'ig6.jpg', '23', '2'),
('7', NULL, 'ig7.jpg', '23', '2'),
('1', '', 'in1.jpg', '24', '1'),
('2', NULL, 'in2.jpg', '24', '2'),
('3', NULL, 'in3.jpg', '24', '2'),
('4', NULL, 'in4.jpg', '24', '2'),
('5', NULL, 'in5.jpg', '24', '2'),
('1', NULL, 'vd1.jpg', '25', '1'),
('2', NULL, 'vd2.jpg', '25', '2'),
('3', NULL, 'vd3.jpg', '25', '2'),
('4', NULL, 'vd4.jpg', '25', '2'),
('5', NULL, 'vd5.jpg', '25', '2'),
('1', NULL, 'bs1.jpg', '26', '1'),
('2', NULL, 'bs2.jpg', '26', '2'),
('3', NULL, 'bs3.jpg', '26', '2'),
('4', NULL, 'bs4.jpg', '26', '2'),
('5', NULL, 'bs5.jpg', '26', '2'),
('6', NULL, 'bs6.jpg', '26', '2'),
('7', NULL, 'bs7.jpg', '26', '2'),
('8', NULL, 'bs8.jpg', '26', '2'),
('9', NULL, 'bs9.jpg', '26', '2'),
('10', NULL, 'bs10.jpg', '26', '2'),
('11', NULL, 'bs11.jpg', '26', '2'),
('12', NULL, 'bs12.jpg', '26', '2'),
('13', NULL, 'bs13.jpg', '26', '2'),
('14', NULL, 'bs14.jpg', '26', '2'),
('15', NULL, 'bs15.jpg', '26', '2'),
('16', NULL, 'bs16.jpg', '26', '2'),
('17', NULL, 'bs17.jpg', '26', '2'),
('18', NULL, 'bs18.jpg', '26', '2'),
('19', NULL, 'bs19.jpg', '26', '2'),
('20', NULL, 'bs20.jpg', '26', '2'),
('21', NULL, 'bs21.jpg', '26', '2'),
('22', NULL, 'bs22.jpg', '26', '2'),
('23', NULL, 'bs23.jpg', '26', '2'),
('24', NULL, 'bs24.jpg', '26', '2'),
('25', NULL, 'bs25.jpg', '26', '2'),
('26', NULL, 'bs26.jpg', '26', '2'),
('27', NULL, 'bs27.jpg', '26', '2'),
('28', NULL, 'bs28.jpg', '26', '2'),
('29', NULL, 'bs29.jpg', '26', '2'),
('30', NULL, 'bs30.jpg', '26', '2'),
('31', NULL, 'bs31.jpg', '26', '2'),
('32', NULL, 'bs32.jpg', '26', '2'),
('33', NULL, 'bs33.jpg', '26', '2'),
('34', NULL, 'bs34.jpg', '26', '2'),
('35', NULL, 'bs35.jpg', '26', '2'),
('36', NULL, 'bs36.jpg', '26', '2'),
('1', NULL, 'ipt1.jpg', '27', '1'),
('2', NULL, 'ipt2.jpg', '27', '2'),
('3', NULL, 'ipt3.jpg', '27', '2'),
('4', NULL, 'ipt4.jpg', '27', '2'),
('5', NULL, 'ipt5.jpg', '27', '2'),
('6', NULL, 'ipt6.jpg', '27', '2'),
('1', NULL, 'te1.jpg', '28', '1'),
('2', NULL, 'te2.jpg', '28', '2'),
('3', NULL, 'te3.jpg', '28', '2'),
('1', NULL, 'fa1.jpg', '29', '1'),
('2', NULL, 'fa2.jpg', '29', '2'),
('3', NULL, 'fa3.jpg', '29', '2'),
('4', NULL, 'fa4.jpg', '29', '2'),
('5', NULL, 'fa5.jpg', '29', '2'),
('6', NULL, 'fa6.jpg', '29', '2'),
('7', NULL, 'fa7.jpg', '29', '2'),
('8', NULL, 'fa8.jpg', '29', '2'),
('1', NULL, 'dim1.jpg', '30', '1'),
('2', NULL, 'dim2.jpg', '30', '2'),
('3', NULL, 'dim3.jpg', '30', '2'),
('4', NULL, 'dim4.jpg', '30', '2'),
('1', NULL, 'rcs1.jpg', '31', '1'),
('2', NULL, 'rcs2.jpg', '31', '2'),
('3', NULL, 'rcs3.jpg', '31', '2'),
('4', NULL, 'rcs4.jpg', '31', '2'),
('5', NULL, 'rcs5.jpg', '31', '2'),
('6', NULL, 'rcs6.jpg', '31', '2'),
('7', NULL, 'rcs7.jpg', '31', '2'),
('1', NULL, 'esr1.jpg', '32', '1'),
('2', NULL, 'esr2.jpg', '32', '2'),
('3', NULL, 'esr3.jpg', '32', '2'),
('4', NULL, 'esr4.jpg', '32', '2'),
('5', NULL, 'esr5.jpg', '32', '2'),
('6', NULL, 'esr6.jpg', '32', '2'),
('7', NULL, 'esr7.jpg', '32', '2'),
('8', NULL, 'esr8.jpg', '32', '2'),
('1', NULL, 'tmn1.jpg', '33', '1'),
('2', NULL, 'tmn2.jpg', '33', '2'),
('3', NULL, 'tmn3.jpg', '33', '2'),
('4', NULL, 'tmn4.jpg', '33', '2'),
('5', NULL, 'tmn5.jpg', '33', '2'),
('6', NULL, 'tmn6.jpg', '33', '2'),
('1', NULL, 'me1.jpg', '34', '1'),
('2', NULL, 'me2.jpg', '34', '2'),
('3', NULL, 'me3.jpg', '34', '2'),
('4', NULL, 'me4.jpg', '34', '2'),
('5', NULL, 'me5.jpg', '34', '2'),
('6', NULL, 'me6.jpg', '34', '2'),
('1', NULL, 'acc1.jpg', '35', '1'),
('2', NULL, 'acc2.jpg', '35', '2'),
('3', NULL, 'acc3.jpg', '35', '2'),
('4', NULL, 'acc4.jpg', '35', '2'),
('5', NULL, 'acc5.jpg', '35', '2'),
('6', NULL, 'acc6.jpg', '35', '2'),
('1', NULL, 'adm1.jpg', '36', '1'),
('2', NULL, 'adm2.jpg', '36', '2'),
('3', NULL, 'adm3.jpg', '36', '2'),
('4', NULL, 'adm4.jpg', '36', '2'),
('5', NULL, 'adm5.jpg', '36', '2'),
('6', NULL, 'adm6.jpg', '36', '2'),
('7', NULL, 'adm7.jpg', '36', '2'),
('8', NULL, 'adm8.jpg', '36', '2'),
('1', NULL, 'etmx.jpg', '37', '1'),
('2', NULL, 'etmx1.jpg', '37', '2'),
('3', NULL, 'etmx2.jpg', '37', '2'),
('4', NULL, 'etmx3.jpg', '37', '2'),
('5', NULL, 'etmx4.jpg', '37', '2'),
('6', NULL, 'etmx5.jpg', '37', '2'),
('7', NULL, 'etmx6.jpg', '37', '2'),
('8', NULL, 'etmx7.jpg', '37', '2'),
('9', NULL, 'etmx8.jpg', '37', '2'),
('10', NULL, 'etmx9.jpg', '37', '2'),
('1', NULL, 'tmx1.jpg', '38', '1'),
('2', NULL, 'tmx2.jpg', '38', '2'),
('3', NULL, 'tmx3.jpg', '38', '2'),
('4', NULL, 'tmx4.jpg', '38', '2'),
('5', NULL, 'tmx5.jpg', '38', '2'),
('6', NULL, 'tmx6.jpg', '38', '2'),
('7', NULL, 'tmx7.jpg', '38', '2'),
('8', NULL, 'tmx8.jpg', '38', '2'),
('1', NULL, 'api1.jpg', '39', '1'),
('2', NULL, 'api2.jpg', '39', '2'),
('3', NULL, 'api3.jpg', '39', '2'),
('4', NULL, 'api4.jpg', '39', '2'),
('5', NULL, 'api5.jpg', '39', '2'),
('6', NULL, 'api6.jpg', '39', '2'),
('7', NULL, 'api7.jpg', '39', '2'),
('8', NULL, 'api8.jpg', '39', '2'),
('9', NULL, 'api9.jpg', '39', '2'),
('1', NULL, 'ps1.jpg', '40', '1'),
('2', NULL, 'ps2.jpg', '40', '2'),
('3', NULL, 'ps3.jpg', '40', '2'),
('4', NULL, 'ps4.jpg', '40', '2'),
('5', NULL, 'ps5.jpg', '40', '2'),
('1', NULL, 'ehp1.jpg', '41', '1'),
('2', NULL, 'ehp2.jpg', '41', '2'),
('3', NULL, 'ehp3.jpg', '41', '2'),
('4', NULL, 'ehp4.jpg', '41', '2'),
('1', NULL, 'tte1.jpg', '42', '1'),
('2', NULL, 'tte2.jpg', '42', '2'),
('3', NULL, 'tte3.jpg', '42', '2'),
('4', NULL, 'tte4.jpg', '42', '2'),
('5', NULL, 'tte5.jpg', '42', '2'),
('6', NULL, 'tte6.jpg', '42', '2'),
('7', NULL, 'tte7.jpg', '42', '2'),
('8', NULL, 'tte8.jpg', '42', '2'),
('1', NULL, 'cpm1.jpg', '43', '1'),
('2', NULL, 'cpm2.jpg', '43', '2'),
('3', NULL, 'cpm3.jpg', '43', '2'),
('4', NULL, 'cpm4.jpg', '43', '2'),
('5', NULL, 'cpm5.jpg', '43', '2'),
('6', NULL, 'cpm6.jpg', '43', '2'),
('7', NULL, 'cpm7.jpg', '43', '2'),
('1', NULL, 'sev1.jpg', '44', '1'),
('2', NULL, 'sev2.jpg', '44', '2'),
('3', NULL, 'sev3.jpg', '44', '2'),
('4', NULL, 'sev4.jpg', '44', '2'),
('5', NULL, 'sev5.jpg', '44', '2'),
('6', NULL, 'sev6.jpg', '44', '2'),
('7', NULL, 'sev7.jpg', '44', '2'),
('1', NULL, 'fcc1.jpg', '45', '1'),
('2', NULL, 'fcc2.jpg', '45', '2'),
('3', NULL, 'fcc3.jpg', '45', '2'),
('4', NULL, 'fcc4.jpg', '45', '2'),
('5', NULL, 'fcc5.jpg', '45', '2'),
('1', NULL, 'bdif1.jpg', '46', '1'),
('2', NULL, 'bdif2.jpg', '46', '2'),
('3', NULL, 'bdif3.jpg', '46', '2'),
('4', NULL, 'bdif4.jpg', '46', '2'),
('5', NULL, 'bdif5.jpg', '46', '2'),
('6', NULL, 'bdif6.jpg', '46', '2'),
('7', NULL, 'bdif7.jpg', '46', '2'),
('8', NULL, 'bdif8.jpg', '46', '2'),
('9', NULL, 'bdif9.jpg', '46', '2'),
('1', NULL, 'etg1.jpg', '47', '1'),
('2', NULL, 'etg2.jpg', '47', '2'),
('3', NULL, 'etg3.jpg', '47', '2'),
('4', NULL, 'etg4.jpg', '47', '2'),
('5', NULL, 'etg5.jpg', '47', '2'),
('6', NULL, 'etg6.jpg', '47', '2'),
('1', NULL, 'cse1.jpg', '48', '1'),
('2', NULL, 'cse2.jpg', '48', '2'),
('3', NULL, 'cse3.jpg', '48', '2'),
('4', NULL, 'cse4.jpg', '48', '2'),
('5', NULL, 'cse5.jpg', '48', '2'),
('6', NULL, 'cse6.jpg', '48', '2'),
('7', NULL, 'cse7.jpg', '48', '2'),
('8', NULL, 'cse8.jpg', '48', '2'),
('1', NULL, 'vsg1.jpg', '49', '1'),
('1', NULL, 'vst1.jpg', '50', '1'),
('2', NULL, 'vst2.jpg', '50', '2'),
('3', NULL, 'vst3.jpg', '50', '2'),
('4', NULL, 'vst4.jpg', '50', '2'),
('5', NULL, 'vst5.jpg', '50', '2'),
('1', NULL, 'dnd1.jpg', '51', '1'),
('2', NULL, 'dnd2.jpg', '51', '2'),
('3', NULL, 'dnd3.jpg', '51', '2'),
('4', NULL, 'dnd4.jpg', '51', '2'),
('5', NULL, 'dnd5.jpg', '51', '2'),
('6', NULL, 'dnd6.jpg', '51', '2');

-- --------------------------------------------------------

--
-- Estructura de tabla para la tabla `cat_noticias`
--

CREATE TABLE `cat_noticias` (
  `k_noticia` decimal(6,0) NOT NULL,
  `cn_descripcion` text,
  `cn_fecha` date DEFAULT NULL
) ENGINE=InnoDB DEFAULT CHARSET=latin1;

--
-- Volcado de datos para la tabla `cat_noticias`
--

INSERT INTO `cat_noticias` (`k_noticia`, `cn_descripcion`, `cn_fecha`) VALUES
('1', 'Reconoce presidente de Tenosique labor de enfermeras.', '2016-01-08'),
('2', 'Presidente de Tenosique entrega apoyos a pequeños empresarios', '2016-01-12'),
('3', 'Presidente Municipal Francisco Abreu Vela se reunió con locatarios.', '2016-01-15'),
('4', 'Se presenta en Tenosique Reglas de operación del PRONAFOR 2016', '2016-01-15'),
('5', 'Reunión de trabajo del Ing. Francisco R. Abreu Vela con el Sector Educativo.', '2016-01-16'),
('6', 'Se inscriben candidatas a Reina de Carnaval Tenosique 2016', '2016-01-17'),
('7', 'Inicia carnaval de Tenosique con el tradicional baile de harina', '2016-01-18'),
('8', 'Se logra acuerdo para iniciar la Zafra 2016.', '2016-01-19'),
('9', 'Ayuntamiento de Tenosique en la Lucha contra el Cáncer', '2016-02-03'),
('10', 'Realizan Autoridades Militares y Municipales acto cívico con motivo del día de la bandera nacional.', '2016-02-24'),
('11', 'Se instala el Subcomité Municipal de Salud en Tenosique', '2016-02-24'),
('12', 'Presenta Francisco Abreu Programas y acciones 100 días de Gobierno', '2016-02-23'),
('13', 'Invitación', '2016-02-22'),
('14', 'Se conmemora el CIII aniversario de la muerte de Francisco I. Madero y el caballero de la lealtad José María Pino Suarez en Tenosique.', '2016-02-22'),
('15', 'Exposición de bisutería del programa autoempleo en Tenosique', '2016-02-20'),
('16', 'Gobierno municipal entrega apoyos para la semana nacional de vacunación', '2016-02-19'),
('17', 'Curso de autoempleo en Tenosique.', '2016-02-26'),
('18', 'Gobierno municipal conmemora el 162 aniversario de la proclamación del plan de ayutla.', '2016-03-01'),
('19', 'En Tenosique se lleva a cabo el pago de seguro catastrófico agricola 2015.', '2016-02-29'),
('20', 'Plática de desarrollo humano ''Tu eres un amor''', '2016-02-26'),
('21', 'Realizan acto cívico en poblado Usumacinta con motivo del CDXCI de la muerte del último emprerador azteca.', '2016-02-28'),
('22', 'Regulariza tu predial ponte al día.', '2016-03-02'),
('23', 'Matrimonios colectivos celebra Ayuntamiento de Tenosique', '2016-03-04'),
('24', 'Platicas de seguridad a los jóvenes Tenosiquenses', '2016-03-02'),
('25', 'Visita delegado de SEDESOL a Tenosique', '2016-03-02'),
('26', 'Se fortalecen los servicios municipales en tabasco.', '2016-03-02'),
('27', 'Inicia obra de pavimentación en Tenosique.', '2016-03-03'),
('28', 'DIF Tenosique inaugura modelo de Atención para Educación Inicial', '2016-03-04'),
('29', 'El gobierno municipal de Tenosique fomenta el autoempleo.', '2016-03-03'),
('30', 'Francisco Abreu celebra a las mujeres en el Día Internacional de la Mujer.', '2016-03-08'),
('31', 'Inicia la rehabilitación de las casetas de seguridad pública en Tenosique.', '2016-03-08'),
('32', 'Inicia escuela sin riesgo en Tenosique.', '2016-03-08'),
('33', 'En Tenosique se fortalecen los Micro-Negocios', '2016-03-09'),
('34', 'Entregan Apoyos para el Fomento al Autoempleo en Tenosique por el Presidente Municipal.', '2016-03-10'),
('35', 'En Tenosique Arranca colecta nacional de la Cruz Roja 2016', '2016-03-11'),
('36', 'Arranca jornada de descacharrización en las colonias urbanas del municipio', '2016-03-12'),
('37', 'Ayuntamiento de Tenosique inicia Torneo Inter escolar en Escuelas Primarias', '2016-03-12'),
('38', 'Jovenes TMX Francisco Abreu entrega becas a universitarios', '2016-03-10'),
('39', 'Arranca el programa Impulsa TMX', '2016-03-15'),
('40', 'Pláticas de seguridad a los jóvenes Tenosiquenses', '2016-03-15'),
('41', 'Entrega de herramientas del Programa Emprende TMX', '2016-03-15'),
('42', 'EN TENOSIQUE DAN INICIO LOS TALLERES DE EDUCACIÓN AMBIENTAL', '2016-03-16'),
('43', 'CLAUSURA DEL PROGRAMA CONTIGO MEJORAMOS TU NEGOCIO EN TENOSIQUE', '2016-03-16'),
('44', 'Semana de Educación Vial en Tenosique', '2016-03-15'),
('45', 'FOROS DE CONSULTA CIUDADANA Y MESAS DE TRABAJO PARA LA REALIZACIÓN DEL PLAN MUNICIPAL DE DESARROLLO 2016-2018', '2016-03-18'),
('46', 'Continúan las brigadas del DIF Tenosique “Construyendo Sonrisas”', '2016-03-18'),
('47', 'FRANCISCO ABREU APOYA A LOS ESTUDIANTES CON TRANSPORTE GRATUITO', '2016-03-17'),
('48', 'CLAUSURA CON ÉXITO LA SEMANA ESTATAL Y MUNICIPAL DE EDUCACIÓN VIAL EN TENOSIQUE', '2016-03-18'),
('49', 'AYUNTAMIENTO DE TENOSIQUE, IMPLEMENTA OPERATIVO DE SEMANA SANTA', '2016-03-21'),
('50', 'Vacaciones Seguras Tenosique 2016', '2016-03-24'),
('51', 'CELEBRAN A NIÑOS DOWN EN TENOSIQUE', '2016-03-22');

-- --------------------------------------------------------

--
-- Estructura de tabla para la tabla `cat_parrafos_noticias`
--

CREATE TABLE `cat_parrafos_noticias` (
  `k_parrafo_noticia` decimal(6,0) NOT NULL,
  `cpn_descripcion` text,
  `cpn_encabezado` text,
  `k_noticia` decimal(6,0) NOT NULL
) ENGINE=InnoDB DEFAULT CHARSET=latin1;

--
-- Volcado de datos para la tabla `cat_parrafos_noticias`
--

INSERT INTO `cat_parrafos_noticias` (`k_parrafo_noticia`, `cpn_descripcion`, `cpn_encabezado`, `k_noticia`) VALUES
('1', 'El Ing. Francisco R. Abreu Vela Presidente Municipal de Tenosique, al encabezar la celebración del Día de la Enfermera y hacer un amplio reconocimiento a la noble labor que desempeñan hombres y mujeres profesionales de este sector, entrego reconocimientos a enfermeras pertenecientes a la Secretaria de Salud del municipio.', NULL, '1'),
('2', 'En compañía del Jefe Jurisdiccional no. 17 Dr. Omar Ríos Morales y del Director del Hospital Comunitario de Tenosique Dr. David Bernal Avalos, entrego reconocimientos por su labor y trayectoria, expresando; su gratitud por la entrega para cuidar y atender la salud de los tenosiquenses y el compromiso de trabajar al lado de quien más lo necesitan. Sigamos Trabajando Juntos en la atención de la Salud que es una prioridad de mi gobierno- indico.', NULL, '1'),
('3', 'Durante esta celebración, el Presidente Municipal entrego reconocimientos a 10 enfermeras que prestan sus servicios con profesionalismo y dedicación y por el compromiso que tienen de cuidar la salud de todos los tenosiquenses y que debe ser reconocido de manera constante esta labor tan importante para el Bienestar para Todos.', NULL, '1'),
('1', 'Contribuyendo a mejorar las fuentes de ingreso de las familias Tenosiquenses, el H. Ayuntamiento de Tenosique que preside el Ing. Francisco R Abreu Vela a través de la Dirección de Fomento Económico y Turismo en coordinación con el Servicio Estatal de Empleo, el día de hoy hace la entrega de herramientas del programa Iniciativa Ocupacional por Cuenta Propia (IOCP).', NULL, '2'),
('2', 'El objetivo del Gobierno Municipal y del Presidente Municipal es fomentar el crecimiento económico, el empleo y la competitividad en la ciudadanía Tenosiquense, hacen entrega de una estufa maestra de 4 quemadores, una licuadora industrial de 3 litros, un enfriador vertical de 1 puerta y una mesa caliente con 2 insertos, beneficiando así a los 3 socios de la Cocina Económica Ches; Susana Elizabeth Alonso Huerta, María Candelaria Hernández Arcos y al sr. José Luis Mejía Delgado, con un monto de $55 mil 400 pesos.', NULL, '2'),
('3', 'Esta administración está ofertando una gran gama de oportunidades para capacitarse y poder emprender una nueva actividad que les permita a los ciudadanos fomentar el autoempleo y a su vez apoyarse en su economía familiar, con el apoyo del Gobierno Estatal y Federal se ha empezado a gestionar recursos y programas que permiten la capacitación de las personas y que estas a su vez aprendan un oficio, ofertándose una gran variedad de cursos de capacitación en los cuales los interesados pueden despertar su creatividad y a la vez tener un ingreso económico para sostener a su familia.', NULL, '2'),
('1', 'Con el fin de trabajar y estar cerca con los líderes y sectores de las diferentes organizaciones del Municipio, el día de hoy el Ing. Francisco Ramón Abreu Vela Presidente Municipal de Tenosique, sostuvo una reunión de trabajo con los miembros de la unión de locatarios del mercado Lic. Tomas Díaz Bartlett, donde mediante el dialogo los locatarios de este popular mercado manifestaron algunas de sus necesidades, por lo que el presidente se comprometió a realizar las obras a que son de suma importancia para ellos, como son el mejoramiento de la infraestructura, regularización de los locales, remodelación de los sanitarios, entre otras.', NULL, '3'),
('2', 'Durante la reunión los locatarios agradecieron esta atención y se comprometieron a seguir brindando un servicio de calidad a todos sus visitantes.', NULL, '3'),
('1', 'Con motivo de dar a conocer las reglas de operación del PRONAFOR 2016, para que los interesados en los programas puedan cumplir debidamente con los requisitos que se solicitan en tiempo y forma, ya que la ventanilla de la CONAFOR inició la recepción de proyectos desde el 08 de enero del año en curso.', NULL, '4'),
('2', 'Con la presencia del Ing. Francisco R. Abreu Vela Presidente Municipal, de las Direcciones de las áreas Operativas de la Administración Publica como; Protección Ambiental, Desarrollo Municipal, Protección Civil, y con la Representación del Gerente Estatal de la CONAFOR Lic. Francisco Lastra Bastar, el ing. Julio Cesar León, Ing. Mario Alberto Cárdenas Vera, Prestador de Servicios Profesionales de Plantaciones Forestales Comerciales así como la presencia del biólogo Ángel Adiel Martínez Rodríguez Enlace de Servicios Ambientales.', NULL, '4'),
('3', 'Esta reunión se llevó a cabo en la sala de Cabildo del Ayuntamiento de Tenosique, con la asistencia de autoridades ejidales de las comunidades; Rieles de san José, corregidora, redención del Campesino, Nueva Estancia, Francisco I. Madero Cortázar, Santa Rosa, San Francisco, Bejucal, Álvaro Obregón, Niños Héroes, Ignacio allende y Rancho Grande.', NULL, '4'),
('1', 'A iniciativa del Presidente Municipal de Tenosique, Francisco R. Abreu vela, se llevó a cabo una reunión de trabajo con jefes de sector y supervisores del sector Educativo de los niveles preescolares, primarios, secundarios, telesecundaria, educación especial y de educación física; estando presentes, el Prof. Alberto ara luna, Secretario del Ayuntamiento, el Lic. Tomas Alberto Puc Acosta, Director de la DECR Municipal, la jefa de sector no. 06 de preescolar Profra. Carmen del rosario Aguilar Azcuaga, la supervisora de ese Sector de la zona 100, Profra. Victoria Santiago Ramón, la Profra. Ana María Jiménez arcos, en representación del jefe de sector de primaria no. 16, Profr. José Pasito Hernández Hernández, y los supervisores Profr. Luis David Gómez Balan, de la zona esc. 96, Profra. Olga Lidia Gálvez Náhuatl de la zona Esc. 87, Profra. Patricia León May de la zona esc. 88, Profra. Juana González Baños, de la zona esc. 89, Profra. Lorenza López Martínez, de la zona esc. 90, Profe. Francisco José Ballina Baños, en representación de la Profra. Sonia del Carmen Montejo Palacios de la zona esc. 132, el Prof. Luis augusto Pérez Azcuaga, en representación del Profr. Jesús Méndez Mosqueda de la zona esc. 117, de igual manera, estuvieron presentes los supervisores de telesecundaria Profr. Elusinque Cruz Leyva supervisor zona no. 15, Profr. Remedios Huerta Huerta, supervisor zona no. 27; Profr. José Francisco Landero Gómez, jefe de sector zona ríos de educación física; Los supervisores de ese sector Profr. Manuel Antonio Flores Córdoba, supervisor educación física primaria, Profr. Salvador Lezama Brindis, supervisor educación física preescolar, asimismo el Prof. Walter Madrigal Sandoval, jefe de sector de escuelas secundarias de la zona 27, la supervisora de educación especial zona ríos, Profra. Olga Patricia Castellanos Pacheco y el Profesor Martín Uco Romero, responsable del centro de maestros.', NULL, '5'),
('2', 'Durante la reunión el Presidente Municipal escucho a través de los responsables de la educación en el municipio, los diversos problemas que se presentan en sus respectivas Zonas escolares, Donde platearon la necesidad que tienen de un terreno con medidas de una hectárea para que se edifique el centro de maestros, de igual manera, escucho de los representantes del sector de telesecundaria, la necesidad de dar mantenimiento a los espacios que actualmente ocupan sus oficinas, el profesor Luis Augusto Pérez Azcuaga, expresó que es importante dar vigilancia policiaca a los planteles educativos ya que no todas reciben ese servicio y de esa forma, los demás sectores fueron expresando sus necesidades, coincidiendo la mayoría en que se les apoye con mantenimiento al edificio que alberga al actual sector de maestros, de ser posible se apoye para que los escolares puedan acudir a las diversas competencias que se presentan durante el ciclo escolar y se desarrollan fuera del Municipio.', NULL, '5'),
('3', 'La Profra. Olga patricia Castellanos Pacheco, solicitó se le apoye con la tramitación del acta de donación notariada del terreno que ocupa el centro de atención múltiple.', NULL, '5'),
('4', 'En uso de la palabra después de haber escuchado todos y cada uno de los planteamientos, el Presidente Municipal, Ing. Francisco R. Abreu Vela, se comprometió a atender la solicitud de terreno de los maestros, pidiéndole que se pusiera de acuerdo en la gestión del mismo, para poder incluir si es posible todos los sectores educativos en el municipio en la obra a proyectar.', NULL, '5'),
('5', 'Mostró su preocupación por la educación que reciben los escolares del Municipio, por lo que planteo la intención de crear un consejo educativo, pero que involucre y tome en cuenta a los padres de familia, para tratar de manera conjunta fortalecer la educación de los escolares, independientemente de los diversos consejos educativos ya existentes.', NULL, '5'),
('6', 'Para concluir la reunión, los maestros presentes, Desearon parabienes y mucho éxito en su encomienda de Gobernar el municipio, al presidente municipal Ing. Francisco R. Abreu Vela, además de reconocer la voluntad del mismo, de querer conjuntar esfuerzos en beneficio de la educación.', NULL, '5'),
('1', 'El Presidente Municipal Ing. Francisco R. Abreu Vela y el Comité del Carnaval Tenosique 2016 “El Mito se Vuelve Leyenda” hacen la invitación a toda la población en general para que vengan a disfrutar de este Carnaval de Tenosique a celebrarse del 19 de enero al 9 de febrero.', NULL, '6'),
('2', 'El Martes 19 de Enero inician las actividades carnestolendas con el tradicional baile de harina, para que posteriormente Domingo a Domingo se presente la milenaria Danza del Pochó.', NULL, '6'),
('3', 'En un ambiente de gran alegría, colorido y entusiasmo que caracteriza a los tenosiquenses, la tarde del Sábado en las instalaciones del Espacio Cultural para la Danza del Pocho “Foro Cultural”, se llevó a cabo el registro de las 14 hermosas señoritas como Candidatas a Reina del Carnaval de Tenosique 2016“', NULL, '6'),
('4', 'En este alegre registro, una a una las hermosas señoritas fueron recibidas por el comité del carnaval que preside el Lic. Tomas Alberto Puc Acosta para posteriormente irse anotando como candidatas a Reina, donde cada una de ellas llegó acompañada por amigos, familiares, compañeros de donde cursan sus estudios, su representante delegacional así como ciudadanía en general que se dio cita en este espacio público.', NULL, '6'),
('5', 'El registro inició con la presencia de la señorita Cristina Dalia Silva Rodríguez representante de la Col. Belén, seguida de Antonia de los Ángeles Mosqueda Cadena de la Col. Benito Juárez, María Velazco López de la Col. Cocoyol, Brenda Rubí Castellanos Cruz de la Col. Estación Nueva, Cristel Guadalupe Corzo Correa de la Col. Lázaro Cárdenas, Yesenia del Carmen Rodríguez Peralta de la Col. Luis Donaldo Colosio, Cruz Alexandra Domínguez Arcos de la Col. Municipal, Brenda Escobar Landero de la Col. Obrera, Joselyn Jaybeth López Pérez del Poblado Arena de Hidalgo, Yelsi Yusmel Ventura Alamilla de la Col. Pueblo Nuevo, María Guadalupe Guzmán Cruz de la Col. San Juan, Blanca Paloma Zenteno Rodríguez de la Col. San Román, y por ultimo Sandy Cristell Cano Méndez de la Col. Trinchera.', NULL, '6'),
('6', 'De esta manera cada una de ellas al cumplir con los requisitos establecidos en la convocatoria emitida, quedaron registradas oficialmente como Candidatas a Reina del Carnaval Tenosique 2016, para posteriormente recibir de parte del Comité de Carnaval una Constancia que las acredita como candidatas, las aspirantes agradecieron la presencia de quienes le acompañaron a este registro y expresaron su deseo de lograr el apoyo de los tenosiquenses, para así alegrar cada vez más estas festividades carnestolendas; seguidamente se procedió a que los representantes de los diversos medios de comunicación presentes, tomaran sus respectivas gráficas acompañadas de la alegre música de los tamborileros y la marimba de la Casa de la Cultura del municipio. El próximo 22 de enero está prevista la presentación a los medios de comunicación y para mismo día 22, se realizará la imposición de bandas por parte del Presidente Municipal Francisco R. Abreu Vela, quienes a su vez hacen la invitación a toda la población en general para que vengan a disfrutar del Carnaval Tenosique 2016, donde con la participación de la milenaria “Danza del Pochó”, y donde este 19 de enero iniciarán las actividades carnestolendas con el tradicional baile de harina.', NULL, '6'),
('1', 'Martes 19 de Enero, todo se encuentra listo para disfrutar de otra tradición del Municipio, este día que se da inicio con la tiradera de harina, en donde ya existen más de 3 mil kilos destinados a todos los Tenosiquense que deseen participar, deberán acudir al Espacio Cultural para la Danza del Pochó, donde repartirán la harina a partir de las 8:00 pm, donde en presencia del Presidente Municipal el Ing. Francisco R. Abreu Vela darán el banderazo de salida a las fiestas carnestolendas.', NULL, '7'),
('2', 'Este baile se realiza en las diferentes colonias del Municipio, concentrándose la ciudadanía principalmente en el parque central, donde hasta altas horas disfrutan bailando, tirándose harina y huevos; cabe mencionar que particularmente esta celebración tuvo sus orígenes en la festividad que se realiza, en honor al señor San Sebastián, santo que se encuentra en la casa marcada con el número 208 de la calle 10 colonia Pueblo Nuevo.', NULL, '7'),
('3', 'Será a partir del 24 de Enero, que Domingo a Domingo se estará presentando la enigmática Danza del Pochó, la cual recorrerá calles y avenidas del Municipio, donde lo relevante de esta tradición milenaria, es que la propia población, de generación en generación, la han mantenido viva desde tiempos prehispánicos, donde el Cojó, la Pochovera y el Balam (significa jaguar en lengua maya); escenifican la lucha del bien contra el Maligno Pochó, el cual es un misterioso Dios.', NULL, '7'),
('4', 'La invitación está abierta al público en general, por parte del Presidente Municipal el Ing. Francisco R. Abreu Vela, para que vengan a disfrutar de la hospitalidad y calidez del pueblo Tenosiquense, así como de los diferentes concursos y actividades programadas para este Carnaval Tenosique 2016 "El Mito se vuelve leyenda".', NULL, '7'),
('1', 'Tras presidir durante varias horas un encuentro entre productores cañeros, industriales, obreros, empresarios del Ingenio AZUREMEX de Tenosique. El Presidente Municipal Ing. Francisco R. Abreu Vela en conjunto con el apoyo decidido del Gobierno del Estado a través de la SEDAFOP Secretaria de Desarrollo Agropecuario Forestal y Pesquero, en representación del Gobierno del Estado el MC. Ovidio Chable Martínez de Escobar Coordinador de Desarrollo Rural de la SEDAFOP, el Ing. Juan Alonso Huerta Director General de Desarrollo de la SEDAFOP, Gabriel Gutiérrez Brito Secretario General de la Secc. 22, el Ing. Adrián Hernández Gerente general del Ingenio AZUREMEX, C. Netzahualt Moa de la Cruz jefe de Relaciones Industriales del Ingenio.', NULL, '8'),
('2', 'Se logra el acuerdo para iniciar la Zafra 2016, El Presidente Municipal medio entre los obreros y la empresa para lograr el acuerdo de iniciar de inmediato las acciones encaminadas para alcanzar la producción de caña. El documento firmado establece el acuerdo entre empresarios y obreros el compromiso de sacar adelante la producción del 2016 y que la empresa y obreros mantengan la disposición de trabajar de manera coordinada, ya que representan para el Municipio una derrama económica semanal y bienestar para las familias.', NULL, '8'),
('1', 'Con motivo de celebrarse el día mundial de la lucha  contra el Cáncer este 4 de febrero, el Ayuntamiento de Tenosique y con el compromiso ineludible del Presidente Municipal Ing. Francisco R. Abreu Vela, a través de la Dirección de Atención a las Mujeres y en coordinación con la Jurisdicción Sanitaria No. 17 prepararon un programa “Un estudio temprano puede Salvar tu Vida” “Detéctalo a Tiempo” donde se  realizaron estudios gratuitos a mujeres mayores de 40 años, así mismo este 4 de febrero se llevara a cabo una plática con el tema de Cáncer Cervicouterino, así como exploraciones de mama sin costo alguno.', 'Un estudio temprano puede salvar tu vida.', '9'),
('2', 'El Presidente Municipal ha expresado; que este día  Mundial contra el Cáncer ofrece una oportunidad para reflexionar y pensar en lo que queremos hacer, para comprometernos y para actuar. Sea lo que sea lo que decidas hacer, «Nosotros podemos. Yo puedo.» marca la diferencia en la lucha contra el cáncer todos estamos involucrados en la prevención.', NULL, '9'),
('3', 'Para fomentar medidas destinadas a reducir la carga mundial de esta enfermedad, la OMS, el Centro Internacional de Investigaciones sobre el Cáncer (CIIC) y la Unión Internacional contra el Cáncer (UICC) observan el 4 de febrero de cada año como el Día Mundial contra el Cáncer.', NULL, '9'),
('1', 'El Gobierno  Municipal de Tenosique que preside el Ing. Francisco R. Abreu Vela, en coordinación de la 38/a Zona Militar, la DECR Municipal y el CEBETIS N. 249, presidieron la Ceremonia Conmemorativa del Día de la Bandera, realizada esta mañana en el Foro Cultural (explanada del espacio cultural para la Danza del Pochó), en el que se incrementó y estimuló el valor cívico de nuestros Símbolos Patrios.', NULL, '10'),
('2', 'Con la presencia del Presidente Municipal Ing. Francisco R. Abreu Vela, el General de Brigada D.E.M. Lorenzo Cano Jiménez, Comandante de la 38/a Zona Militar, así como del Secretario del Ayuntamiento el Profr. Alberto Ara Luna, la Sindico de Hacienda la Lic. Jhojanny de Jesús Vázquez Cuj, la Presidenta del Voluntariado DIF Municipal, la señora Leonor Vela Maza, autoridades municipales y educativas, así como de los comandantes de las unidades adscritas a la trigésimo octava zona militar.', NULL, '10'),
('3', 'El funcionario recordó que fue en un 24 de febrero de 1821, cuando Vicente Guerrero y Agustín de Iturbide se fundieron en un abrazo para, juntos, conformar el Ejército Trigarante, que consumó la Independencia Nacional. Y ese esfuerzo conjunto selló el destino de México para bien, como país libre y soberano, y para inspirar y motivar a este ejército. A su altísima responsabilidad histórica nació como estandarte la Bandera, origen de nuestro Lábaro Patrio.', NULL, '10'),
('4', 'El Coronel de Infantería Vicente Cabrera Pérez, comandante del décimo octavo batallón de infantería, pronunció las palabras alusivas al acto,  la poesía titulada “A la Bandera”, fue declamada por la el alumno Aarón Viguera Gálvez, con gran orgullo y solemnidad, los asistentes realizaron el Juramento a la Bandera a cargo del alumno Alejandro Gómez Canto y entonaron el Himno Nacional acompañados de la banda de guerra del 18 batallón de infantería, para así despedir a nuestro lábaro patrio.', NULL, '10'),
('1', 'Un municipio certificado como promotor de la salud es aquel que tanto como las autoridades, como los sectores privados, las organizaciones civiles y la comunidad realizan constantes esfuerzos por mejorar las condiciones y factores que influyen en la salud.', NULL, '11'),
('2', 'Con el objetivo de impulsar el desarrollo, el fortalecimiento de los municipios facilitando y fomentando el intercambio de conocimiento y experiencias de promoción de la salud con el fin de incidir positivamente en las condiciones de salud y vida de la población, esta mañana se da por instalado el Subcomité Municipal de Salud en Tenosique.', NULL, '11'),
('3', 'El presidente municipal menciono “la Salud es una condición previa fundamental para el logro de muchos objetivos en su gobierno”, se han implementado programas dentro de los 100 Días, tales como Ejercítate y Biciruta, donde las familias Tenosiquenses podrán convivir y a la vez cuidar su salud, también mencionó que traerá a Tenosique 28 millones de pesos para dotar de agua a comunidades, y anunció la firma de convenio para la construcción de 2 redes de agua potable.', NULL, '11'),
('4', 'Con la presencia del Presidente Municipal Ing. Francisco R. Abreu Vela, el Técnico José Luis Aguilar Enciso, en representación de la Secretaría de Salud, el Dr. Omar Ríos Morales, Jefe de la Jurisdicción Sanitaria de Tenosique N. 17, así como del Secretario del Ayuntamiento el Profr. Alberto Ara Luna, la Sindico de Hacienda la Lic. Jhojanny de Jesús Vázquez Cuj, la Presidenta del Voluntariado DIF Municipal, la señora Leonor Vela Maza, el cuerpo de Regidores y funcionarios municipales, se dio a conocer a los integrantes del “Subcomité Municipal de Salud en Tenosique”, quedando de la siguiente manera; Presidente Ing. Francisco R. Abreu Vela, Secretario Técnico Dr. Omar Ríos Morales, Enlace con redes sociales locales de salud Lic. Jhojanny de Jesús Vázquez Cuj, Testigo la señora Leonor Vela Maza, Testigo Dr. Fernando Izquierdo Aquino.', NULL, '11'),
('5', 'Siendo las 11:00 hrs del día 24 de febrero 2016 se da por concluido este acto quedando instalado este Subcomité Municipal de Salud en Tenosique.', NULL, '11'),
('1', 'Este martes 23 de febrero a las 11:00 de la mañana en las instalaciones del centro de convenciones, se llevó a cabo la presentación de Programas y Acciones del Gobierno Municipal que preside el Ing. Francisco R. Abreu Vela.', NULL, '12'),
('2', 'Con la presencia del Mayor de Infantería Alejandro Urbina Solís, en representación del General de Brigada D.E.M. Lorenzo Cano Jiménez, Comandante de la 38/a Zona Militar, así como del Secretario del Ayuntamiento el Profr. Alberto Ara Luna, la Sindico de Hacienda la Lic. Jhojanny de Jesús Vázquez Cuj, la Presidenta del Voluntariado DIF Municipal, la señora Leonor Vela Maza, el cuerpo de Regidores, funcionarios públicos, diferentes medios de comunicación,  representantes de instituciones educativas y ciudadanía en general, se dio a conocer los Programas y Acciones de Gobierno de los 100 Días de este Gobierno Municipal.', NULL, '12'),
('3', 'En palabras del Ing. Francisco R. Abreu Vela, agradeció la asistencia de las personas que lo acompañaron esta mañana y mencionó; Como pocas veces en el gobierno municipal, el Presidente Municipal de Tenosique, Ing. Francisco R. Abreu Vela dio a conocer programas y acciones  como parte de sus primeros 100 Días de Gobierno.', NULL, '12'),
('4', 'El Presidente Municipal dio a conocer  25 programas y 15 acciones claras y específicas que están de cara a la sociedad y que inciden en todo el municipio, basadas en sus 5 ejes fundaméntales; Prosperidad Para Todos, Desarrollo Económico Sustentable, Sociedad Segura y Protegida, Generación Preparada y Competitiva y Municipio Moderno y Eficientes.', NULL, '12'),
('5', 'Fue enfático y contundente al señalar, que los jóvenes menores de 30 años  representan el56% de la población total, lo que nos obliga como Gobierno, a comprometernos en 3 líneas estratégicas de acción: Mejorar la Educación Impulsar el Empleo y Mejorar la calidad de vida para todos, a través de la infraestructura y de los servicios públicos.', NULL, '12'),
('6', 'En el primer eje PROSPERIDAD PARA TODOS donde el compromiso es combatir la carencia social y la marginación; “igualdad para todos y privilegios para nadie” En este eje se definieron 12 programas sociales: DESARROLLO ECONÓMICO SUSTENTABLE, en este segundo eje hoy, los indicadores, obligan a generar las condiciones para crear más y mejores oportunidades para todos y  fortalecer e impulsar el empleo, para esto se establecieron el inicio de 7  acciones y programas para Consolidar un sector tan importante como es el Agroalimentario.', NULL, '12'),
('7', 'Dentro de este eje SOCIEDAD SEGURA Y PROTEGIDA se fortalecerá; la Capacitación, Profesionalización y Certificación del cuerpo de seguridad; equipamiento entregando 46 armas a elementos la modernización  y puesta en marcha de las nuevas instalaciones de la Dirección de Seguridad Publica, así como la modernización de un nuevo sistema de video vigilancia.', NULL, '12'),
('8', 'GENERACIÓN PREPARADA Y COMPETITIVA en este eje se impulsará a la educación  y se otorgaran 1,500 Becas de transporte a través del programa SUBETE, a alumnos de nivel primaria, secundaria y media superior de 63 localidades, a través del programa Jóvenes TMX Apoyaremos a 30 alumnos de 10 localidades, con becas Económicas para que continúen sus estudios de nivel Superior.', NULL, '12'),
('9', 'MUNICIPIO MODERNO Y EFICIENTE este plan registra la urgencia de mejorar la forma y calidad de vida de los tenosiquenses, se definieron acciones inmediatas donde se invertirán más de 5 millones pesos en  la Construcción, Rehabilitación y Mantenimiento, de servicios urbanos básicos”. Argumentó el Presidente Municipal de Tenosique el Ing. Francisco R. Abreu Vela.', NULL, '12'),
('1', 'El Gobierno Municipal que preside el Ing. Francisco R. Abreu Vela, tiene el honor de invitarle este martes 23 de febrero, en horario de 10:30 am,  a la presentación de Programas y Acciones de los primeros 100 días de Gobierno, el cual se llevará  a cabo en el centro de convenciones.', NULL, '13'),
('1', 'El Gobierno Municipal de Tenosique que preside el Ing. Francisco R. Abreu Vela, en coordinación con la DECR Municipal, llevaron a cabo el acto cívico conmemorativo del CIII Aniversario de la muerte de Francisco I. Madero y el caballero de la lealtad Lic. José María de Pino Suárez, el cual se realizó  la mañana de este 22 de febrero de 2016, en la glorieta que lleva en honor a su nombre.', NULL, '14'),
('2', 'En representación del Presidente Municipal, acudió el Secretario del Ayuntamiento, Profr. Alberto Ara Luna, acompañado por el Capitán 1ro. de Infantería José Manuel Delgado Torres, en representación del General de Brigada D.E.M. Lorenzo Cano Jiménez, Comandante de la 38/a Zona Militar, la Síndico de Hacienda Lic. Jhojanny de Jesús Vázquez Cuj,   y la Prof. Guadalupe Martínez López, Directora de la Esc. Primaria Federal  José MA. Pino Suarez, así como funcionarios públicos, el cuerpo de regidores, así como alumnos de varias instituciones educativas nivel primaria y sociedad en general.', NULL, '14'),
('3', 'Los honores a la Bandera Nacional estuvieron bajo la ordenanza de la banda de guerra del 18 Batallón de Infantería, y la poesía dedicada a José María Pino Suárez fue recitada por el alumno Johemy Sinaí Urrutia Córdova.', NULL, '14'),
('4', 'El discurso oficial estuvo a cargo del Director de Atención Ciudadana el M.V.Z. Aarón Rubio Tarano, donde menciono que; El asesinato de Francisco I. Madero y José María Pino Suárez, el presidente y el vicepresidente de México, sucedió el 22 de febrero de 1913, en Palacio de Lecumberri de la ciudad de México. Fue perpetrado por el comandante de las Fuerzas Armadas Victoriano Huerta, quien tras traicionar a Madero y Pino Suárez, dio un golpe de Estado y obtuvo el poder por poco más de un año hasta su renuncia el 15 de julio de 1914.', NULL, '14'),
('5', 'El Acto cívico culmino con ofrendas florales entregadas por el Gobierno Municipal y la Escuela Primaria Federal José María Pino Suárez.', NULL, '14'),
('1', 'Contribuyendo a mejorar las fuentes de ingreso de las familias Tenosiquenses, el Ayuntamiento de Tenosique que preside el Ing. Francisco R. Abreu Vela, a través de la Dirección de Fomento Económico y Turismo  en  coordinación con el Servicio Estatal de Empleo, dan por concluido el curso de Bisutería que en días pasado había dado inicio, en el programa de autoempleo, el cual habría beneficiado a 25 personas.', NULL, '15'),
('2', 'La exposición del curso fue exhibida en el Poblado Arena de Hidalgo, dentro de las instalaciones de la Escuela Primaria Lic. Justo Sierra Méndez de dicha localidad. ', NULL, '15'),
('3', 'El objetivo del Presidente Municipal Francisco R. Abreu Vela es fomentar el crecimiento económico, el empleo y la competitividad en la ciudadanía Tenosiquense, está ofertando una gran gama de oportunidades para capacitarse y poder emprender una nueva actividad que les permita a los ciudadanos fomentar el autoempleo y a su vez apoyarse en su economía familiar.', NULL, '15'),
('1', 'El Gobierno Municipal que preside el Ing. Francisco R. Abreu Vela, hace entrega de apoyos al Dr. Omar Ríos Morales, Jefe Jurisdiccional Sanitario, acompañados por la señora Leonor Vela Maza, Presidenta del Voluntariado DIF Municipal, la Lic. Reyna Isabel Clemente Custodio, el Dr. David Bernal Avalos, Director del Hospital Municipal y la Dra. Aracely Guadarrama Jiménez, coordinadora de enfermeras.', NULL, '16'),
('2', 'El apoyo fue entregado personalmente por el Ing. Francisco R. Abreu Vela, por un monto total de $19 mil 139 pesos, el cual servirá para la elaboración de los lunchs del personal voluntariado, que se encontrará laborando el día 20 de febrero del año en curso, con motivo de la jornada sabatina del Día Nacional de Vacunación.', NULL, '16'),
('1', 'Da inicio el curso de “Artesanías en Mimbre y  de Belleza” en modalidad autoempleo, beneficiando a 50 personas con un monto total de 121 mil 840 pesos, el compromiso de la administración y del Presidente Municipal Ing. Francisco R. Abreu Vela, es el impulsar el fomento a la economía familiar a través de la Dirección de Fomento Económico y Turismo en coordinación con el Servicio Municipal de Empleo.', NULL, '17'),
('1', 'El Ayuntamiento Constitucional de Tenosique, a través de la Dirección de Educación, Cultura  y Recreación, en coordinación con la Escuela Primaria “José María Martínez Rodríguez” llevan a cabo el acto cívico conmemorativo del 162 aniversario de la Proclamación del Plan de Ayutla.', NULL, '18'),
('2', 'Con la presencia del Secretario del Ayuntamiento el Profr. Alberto Ara Luna, el cuerpo de Regidores, instituciones educativas y funcionarios municipales dieron inicio.', NULL, '18'),
('3', 'La ordenanza de la Banda de Guerra del 18/vo Batallón de infantería, llevó los honores a nuestra Bandera Nacional, la poesía con el nombre “Plan de Ayutla” fue recitada por la alumna Camila Valeria Mosqueda Ramírez.', NULL, '18'),
('4', 'El discurso oficial fue dirigido por el Director de Desarrollo el M.V.Z. Joel Sanguino Bautista; menciono que el 1 de marzo de 1854 se proclamó en contra del gobierno de  Antonio López de Santa Anna, que el Plan de Ayutla establecía la forma de elegir un presidente interino y un consejo de estado, así como el proceso para emitir un estatuto provisional, mientras tuviera lugar un congreso extraordinario encargado de elaborar una nueva constitución, al triunfar el Plan de Ayutla se convocó en la capital del país al congreso constituyente de 1856, surgiendo en sus sesiones en la constitución de 1857.', NULL, '18'),
('5', 'El funcionario Culminó su mensaje diciendo, es prioridad del Gobierno Municipal mantener una comunicación permanente con la Federación y el Estado, propiciando con ello la unidad para construir un municipio digno, un municipio con un gobierno de visión hacia el futuro. ', NULL, '18'),
('6', 'Con gran orgullo y solemnidad, los asistentes realizaron el Juramento              a la Bandera a cargo del alumno Jorge Villegas Moreno, y entonaron el Himno Nacional acompañados de la banda de guerra del 18/vo. Batallón de infantería, para así despedir nuestro lábaro patrio.', NULL, '18'),
('1', '322 productores beneficiados de 20 localidades de la zona rural, con una inversión total de $ 482,660.00, para una superficie asegurada de 322.78-00-00 hectáreas.', NULL, '19'),
('2', 'Con el esfuerzo de la Secretaria de Desarrollo Agropecuario el Presidente Municipal Ing. Francisco R. Abreu Vela agradeció la coordinación entre el gobierno federal, estatal y del gobierno municipal que él preside en este municipio, para el pago catastrófico agrícola donde el gobierno federal aporta una póliza del 90% del valor de la misma.', NULL, '19'),
('3', 'Expreso el presidente municipal que el aseguramiento agropecuario “constituye un valiosos elemento para evitar la descapitalización de los productores, dijo que esta administración estará en permanente comunicación  con cada uno de los productores para que el campo de Tenosique realmente sea el ejemplo de Tabasco”.', NULL, '19'),
('4', 'Con una inversión total de $482,660.00 del pago de este seguro catastrófico, en mi gobierno el compromiso es respaldar el desarrollo de la zona rural darles resultados a la gente, es por ello que en estos 100 días de mi gobierno a través de la dirección de desarrollo, se pondrán en marcha 5 programas de forma inmediata IMPULSA TMX: donde se otorgaran subsidios para el acceso a comprar insumos.', NULL, '19'),
('5', 'El programa TECNIFICA TMX; Que será un programa a través del cual se le dará apoyos para que puedan adquirir equipos para aumentar y mejorar la calidad de sus cosechas.', NULL, '19'),
('6', 'El programa de INFRAESTRUCTURA PRODUCTIVA; donde se llevara el beneficio de construir  y desazolvar jahuayes para la zona de la sierra, un compromiso que será realizado en próximas semanas.', NULL, '19'),
('7', 'Equipa TMX: procuraremos la mejora en las condiciones, con herramientas menores  a  productores agrícolas.', NULL, '19'),
('8', 'Mecaniza TMX: Beneficiar  a las mujeres del campo del Plan Guayacán Para impulsar el desarrollo económico de sus familias.', NULL, '19'),
('9', 'Con la representación del titular de la Secretaria de la ….SEDAFOP el Ing Juan Alonso Huerta director general de desarrollo regional, la presencia de productores de 20 localidades así como regidores y funcionarios estatales y municipales se llevó a cabo este pago catastrófico.', NULL, '19'),
('1', 'Se llevó a cabo la conferencia realizada por el DIF Tenosique en coordinación con el DIF Tabasco, dirigida a damas voluntarias, la conferencia estuvo basada en las capacidades para participar en la sociedad y acceder a igualdades, oportunidades, recursos, a las decisiones y los beneficios del progreso.', 'Impartida por la psicóloga María de la Concepción Relloso y Huerta', '20'),
('2', 'Así también como el desarrollo personal, buscando acciones que sean dirigidas a una mujer y exista la igualdad entre género.', NULL, '20'),
('1', 'El Ayuntamiento de Tenosique que preside el Ing. Francisco R. Abreu Vela en coordinación con la delegación del poblado Usumacinta, conmemoran el CDXCI de la muerte de Cuauhtémoc el último Emperador Azteca, con la ordenanza de la banda de guerra del 18 regimiento de infantería, perteneciente a la 38/a Zona Militar, se llevó a cabo los honores a la bandera.', NULL, '21'),
('2', 'Ante la presencia de autoridades militares, civiles y educativas, en donde  se contó con la participación de las escuelas; ‘Mi Patria es Primero’, el jardín de niños ‘Chilapan’, la telesecundaria ‘Cuauhtémoc’, así como la participación del ballet de la Casa de la Cultura ‘Manuel Sánchez Castillo’. Se rindieron los honores correspondientes al último Emperador Azteca, siendo presentada la ofrenda floral por el Ayuntamiento así como la guardia de honor.', NULL, '21'),
('1', 'Con el objetivo apoyar a la economía familiar de los tenosiquenses, el gobierno del presidente municipal Francisco R. Abreu Vela pone en marcha  los descuentos a los contribuyentes, a través del programa “Ponte al Día” Regulariza tu Predial, con descuentos que van desde el 20 hasta el 100 por ciento, durante los meses de enero, febrero, marzo y abril.', NULL, '22'),
('2', '100% de descuento en multas y gastos de ejecución, 50% de descuentos en  recargos y el 20% de descuento sobre el pago del predial 2016 a los contribuyentes que se encuentren al corriente del pago de su predial.', NULL, '22'),
('3', 'De igual manera se otorgara  el Subsidio a la Edad de Oro en descuento sobre el pago predial 2016, a los contribuyentes con credencial de INSEN, Jubilados, Pensionados, o con 65 años en adelante.', NULL, '22'),
('4', 'Esta estrategia que incentiva la regularización de los contribuyentes en cumplimiento del pago por regularizar el predial, a través de la dirección de finanzas del municipio.', NULL, '22'),
('5', 'Con estos programas  se beneficiarán a aquellos que tengan un adeudo y que tengan la intención de ajustar sus pagos.', NULL, '22'),
('1', 'El contraer matrimonio civil permite a las parejas que viven en unión libre, tener una estabilidad familiar, generar derechos y responsabilidades para ellos y sus hijos sobre los bienes del matrimonio.', '21 parejas contraen matrimonio', '23'),
('2', 'El ayuntamiento de Tenosique llevo a cabo “Matrimonios Colectivos” de 21 parejas donde consagraron el legítimo matrimonio, para dar cumplimiento legal a sus enlaces matrimoniales.', '', '23'),
('3', 'Por lo anterior la oficialía del  Registro Civil de Tenosique, lleva a cabo estos matrimonios colectivos  cuya finalidad es brindar seguridad y certidumbre jurídica a las familias que viven en unión libre.\r\nEsta celebración tuvo lugar en el centro de convenciones para dar lugar a la lectura de la epístola de Melchor Ocampo por la oficial 01 del Registro Civil, Lic. Victoria Acopa Alamilla,  donde el Secretario del Ayuntamiento Profr. Alberto Ara Luna los declaro en legítimo matrimonio a los contrayentes en representación del Presidente Municipal Ing. Francisco R. Abreu\r\n', '', '23'),
('4', 'El enlace matrimonial se ofrece de manera gratuita condonando el Registro Civil de Tenosique el total del pago, además otorga las actas de matrimonio para facilitar el trámite, en apoyo a la economía familiar.', '', '23'),
('5', 'Los beneficios que se generan al unirse de manera civil, otorga seguridad y certidumbre jurídica a la familia, define un acuerdo de administración del patrimonio conyugal y familiar, así como la formalidad y legalidad a la unión en pareja.', '', '23'),
('6', 'Aunado a ello, el estar casados jurídicamente implica de manera directa derechos de alimentación, filiación, parentesco y educación a los hijos en apoyo mutuo.', '', '23'),
('1', 'Con el compromiso de tener una Sociedad Segura y Protegida se han implementado por el Presidente Municipal de Tenosique el Ing. Francisco R. Abreu Vela, a través de la Dirección de Seguridad Pública, pláticas dirigidas a los jóvenes estudiantes del nivel medio superior, con el objetivo de dar a conocer la prevención en temas fundamentales como son; el alcoholismo, la drogadicción, la desintegración familiar, a si también como el servicio profesional de carrera policial como una opción más para los que deseen incursionar en esta carrera. ', '', '24'),
('2', 'Se dio inicio a estas pláticas en la Escuela Secundaria Federal José María Morelos Y Pavón del Municipio. Donde el director de Seguridad Pública Municipal Gral. Juan Carlos Pacheco y abogados en el tema de justicia impartieron estas pláticas a los jóvenes estudiantes, cabe hacer mención que estos programas y acciones están enmarcados dentro de los 100 días de Gobierno Municipal, con estas acciones se fortalece y protege a la juventud tenosiquense.', '', '24'),
('1', 'Con la presencia del Delegado Federal de la Secretaria de Desarrollo Social (SEDESOL) el Mtro. José Rubén Fernández Fernández, realizo una visita a las instalaciones del DIF Municipal, donde se encuentran las ventanillas para los trámites de los programas federales con el objetivo de brindar una mejor atención a las personas que pertenecen a los programas como  Adulto Mayor 65 y más.', '', '25'),
('2', 'Con la presencia de la Presidenta Honoraria del DIF Municipal de Tenosique la Sra. Leonor Vela Maza, la coordinadora general del DIF Municipal Lic. Reyna Isabel Clemente Custodio, se constató que esta administración ha implementado una mayor atención a la ciudadanía y personas adultas, para que puedan realizar sus trámites.', '', '25'),
('1', 'En Tenosique se tiene elaborado un verdadero proyecto, para el fortalecimiento de los servicios municipales y la obra pública, como de igual manera para el mejoramiento del paisaje urbano.', '', '26'),
('2', 'El Ayuntamiento que preside el Ing. Francisco R. Abreu Vela, a través de la coordinación de Servicios Municipales está realizando diversos trabajos, atendiendo en todo momento el llamado de la ciudadanía, donde los servicios son una prioridad, destacando los trabajos de limpia, alumbrado, bacheo, drenaje, etc.', '', '26'),
('3', 'La recolección de la basura es una de las acciones más importantes, ya que en Tenosique se recolecta alrededor de 80 toneladas diarias, por lo que esta administración hizo una restructuración de las rutas y los horarios para la recolección.', '', '26'),
('4', 'De igual manera el alumbrado público es uno de los servicios prioritarios donde se mantiene constantemente la reparación de luminarias ya que esto permite una mayor seguridad, cabe hacer mención que está prevista la modernización del alumbrado público que permitirá una mayor y mejor iluminación en las colonias de la ciudad, así como de las localidades.', '', '26'),
('5', 'Los trabajos de bacheo continúan en colonias, avenidas así como el mantenimiento a las redes de drenaje, agua potable, y trabajos de limpieza en espacios públicos.', '', '26'),
('6', 'Los trabajos de bacheo se realizan constantemente a través de una coordinación especial de servicios municipales, donde hay un área permanente de bacheo, la cual se ha establecido para mantener en óptimas condiciones las calles y avenidas.', '', '26'),
('7', 'Cabe destacar que en estos días   se comienza con los trabajos de construcción de pavimentación de concreto hidráulico de la calle 45 entre calle 20 y calle 16.', '', '26'),
('1', 'Da inicio la pavimentación de concreto hidráulico en la Calle 45 de la Colonia Pueblo Nuevo, donde también se construirán  87 metros lineales en la red de agua potable y 75 metros lineales en drenaje sanitario y alcantarillado. El Ayuntamiento de Tenosique que preside el Ing. Francisco R. Abreu Vela, a través de la Dirección de Obras, Ordenamiento Territorial y Servicios Municipales reitera el compromiso en el fortalecimiento de la obra pública.', '', '27'),
('1', 'Con el objetivo;  de orientar el trabajo educativo con los niños desde cero hasta los tres años de edad, para favorecer el desarrollo de sus capacidades, y prepararlos para enfrentar los retos que se les presenten, tanto en su vida diaria, como en su trayecto- formativo escolar, y así brindar una atención de mayor calidad, independientemente de la institución, modalidad o servicio en el que se les atienda.', 'Se Instala  en el Centro de Desarrollo Infantil Profa. Nereida Pedrero Damián, el ‘Modelo de Atención con Enfoque Integral para Educación Inicial’.', '28'),
('2', 'En el Centro de Desarrollo Infantil de Tenosique se ofrecen servicios de calidad y calidez humana y así contribuir en los niños a mejorar su calidad de vida generando herramientas de fortalecimiento comunitario que brinden el desarrollo e integración familiar.', '', '28'),
('3', 'El compromiso de la Presidenta del DIF Tenosique la Sra. Leonor Vela Maza es a través de los centros integrales,  implementar con el apoyo del DIF Tabasco métodos para un desarrollo integral en los infantes para que desde sus primeros años de vida constituyan un pleno desarrollo, lo que les permitirá tener las herramientas necesarias para poder hacer los vínculos y descubran el mundo de manera importante.', '', '28'),
('4', 'Ofrecer servicios de calidad y calidez humana y así contribuir a mejorar su calidad de vida generando herramientas de fortalecimiento comunitario que brinden el desarrollo e integración familiar.', '', '28'),
('5', 'El día de hoy se llevó a cabo esta instalación donde el Secretario del Ayuntamiento Profr. Alberto Ara Luna en representación del presidente municipal Ing. Francisco R. Abreu Vela hizo el corte del listón.', '', '28'),
('1', 'Contribuyendo a mejorar las fuentes de ingreso de las familias tenosiquenses, el Ayuntamiento de Tenosique que preside el Ing. Francisco R. Abreu Vela, realiza el pago de los cursos de capacitación de auto empleo, de manualidades en bordado,  beneficiando a 25 mujeres del Poblado Redención del Campesino, con un monto total de $60 mil, 920 pesos, a través del Servicio Nacional del Empleo, en coordinación con el Servicio Estatal de Empleo.', '', '29'),
('2', 'En representación del presidente municipal asistió el Secretario del Ayuntamiento, el Prof. Alberto Ara Luna, la Lic. Guadalupe Notario Díaz, representante de la Controlaría Social del Servicio Estatal de Empleo, y la Lic. Yadira López, representante del área de Recursos Financieros del Servicio Estatal del Empleo.', '', '29'),
('3', 'El objetivo de este Gobierno Municipal, es fomentar el crecimiento económico, el empleo y la competitividad en la ciudadanía Tenosiquense.', '', '29'),
('4', 'El ayuntamiento de Tenosique está ofertando una gran gama de oportunidades para capacitarse y poder emprender una nueva actividad que les permita a los ciudadanos fomentar el autoempleo y a su vez apoyarse en su economía familiar.', '', '29'),
('5', 'El Ayuntamiento, con el apoyo del Gobierno Estatal y Federal, ha logrado bajar recursos y programas que permiten la capacitación de las personas y que estas a su vez aprendan un oficio, ofertándose una gran variedad de cursos de capacitación en los cuales los interesados pueden despertar su creatividad y a la vez tener un ingreso económico para sostener a su familia.', '', '29'),
('1', 'El Gobierno Municipal que preside el Ing. Francisco R. Abreu Vela, a través de la Dirección de Atención a las Mujeres, ofrecieron un desayuno amenizado con música en vivo.', 'En el marco de los festejos del ''Día Internacional de la Mujer''', '30'),
('2', 'Ante la presencia del presidente municipal el Ing. Francisco R. Abreu Vela, acompañado por su madre, la señora Leonor Vela Maza,  la Sindico de Hacienda la Lic. Yhojanny de Jesús Vázquez Cuj,  Presidenta del Voluntariado DIF Municipal, el cuerpo de regidores y funcionarios municipales.', '', '30'),
('3', 'En su mensaje; agradeció la presencia de todas y cada una de ellas, felicitándolas por este día que se conmemora, el Día Internacional de la Mujer, como pieza fundamental de la sociedad, donde todos debemos aportar para la igualdad de género. ', '', '30'),
('1', 'Con el banderazo da inicio a la rehabilitación de 3 casetas de vigilancia, dentro de los 100 días de gobierno enmarcado dentro de las acciones.\r\nEn la Colonia Municipal fue el banderazo a muy tempranas horas, para que se continúe con la rehabilitación de estas casetas de vigilancia en las colonias; Estación Nueva y San Román.\r\n', '', '31'),
('2', 'El presidente municipal Ing. Francisco R. Abreu Vela, estuvo acompañado por la Lic. Jhoanny de Jesús Vázquez Cuj, Síndico de Hacienda, el Secretario del Ayuntamiento el Prof. Alberto Ara Luna, el Ing. Fernando Daniel Mandujano Cervera, Director de Obras Públicas, Ordenamiento Territorial y Servicios Municipales, el Comisario de Seguridad Pública Cap. Carlos Saldaña Pacheco, el Director de la Escuela Primaria ‘Josefa Ortiz de Domínguez’ Miguel Ángel Ricardez Carrillo, el Director de la Escuela Primaria ‘Nereyda Pedrero Damián’, así como alumnos, el cuerpo de regidores y funcionarios públicos.', '', '31'),
('3', 'Con estas acciones de rehabilitación se estará reforzando la seguridad de los habitantes de estas colonias.', '', '31'),
('4', 'Es importante señalar que Tenosique es el único municipio a través del FORTASEG accederá a más de 13 millones de pesos para equipamiento, capacitación, certificación y profesionalización del cuerpo de seguridad policial.', '', '31'),
('1', 'Iniciativa del presidente municipal el Ing. Francisco R. Abreu Vela, y con la voluntad de los padres de familia de las Escuelas Primarias y Preescolar.\r\nCon el banderazo de inicio en el Jardín de niños “Gabriela Mistral”, los cursos para el buen estado y conservación de los planteles educativos, con una cultura que permita la recolección, el recicle y la selección de basura, así como también las faenas permanentes.\r\n', '', '32'),
('2', 'En su mensaje el presidente municipal “el compromiso de brindar auxilio y apoyo en situaciones de riesgo o peligros latentes en nuestro entorno, concientizar y motivar a la ciudadanía de nuestro municipio, estamos realizando alianzas en pro de la cultura de la prevención y reducción de riesgos, por ello ponemos en marcha el programa “Escuelas sin Riesgo”, teniendo como eje fundamental la voluntad y la participación social.', '', '32'),
('1', 'A través del programa Empréndete TMX a iniciativa de esta administración se lleva a cabo, a través de las gestiones federales y estatales, se realizó la entrega de herramientas de carpintería por el presidente municipal Ing. Francisco R. Abreu Vela, acomp', '', '33'),
('2', 'Dando a si el  impulso y apoyo a iniciativas y a emprendedores del municipio, con la creación de micro-negocios que puedan atender la falta de empleo; por medio del programa de iniciativas de Ocupación por Cuenta Propia, que de manera coordinada entre los gobiernos federal, estatal, y municipal se lleva a cabo, a través del Servicio Nacional de Empleo y el Servicio Municipal de Empleo.', '', '33'),
('3', 'Con esta entrega se beneficio, a la carpintería ‘Nuestra Señora del Pilar’, en el Ejido José María Pino Suárez que en manos del presidente municipal, recibieron los socios; la señora Bella del Carmen Mosqueda Juárez y el señor Pedro Mosqueda Ramírez.', '', '33'),
('4', 'Recibiendo; una sierra circular para madera, un roto martillo industrial un cepillo eléctrico, una sierra caladora pendular, router base móvil uso pesado, y una canteadora,  con este programa permite el día de hoy a este Micro-negocio estar operando bajo la supervisión del cumplimiento de las reglas de operación, como parte responsable del compromiso.', '', '33'),
('1', 'Con una inversión total de $103,554.56  Francisco R. Abreu Vela entrega apoyos a través del programa Emprende TMX. Beneficiando a una carnicería y a una estética, ubicados en las localidades del ejido Santa Lucia y en el poblado Arena de Hidalgo.', '', '34'),
('2', 'La administración municipal de Tenosique busca esquemas de financiamientos que les permita hacer crecer su negocio brindando herramientas necesarias para que mejoren.', '', '34');
INSERT INTO `cat_parrafos_noticias` (`k_parrafo_noticia`, `cpn_descripcion`, `cpn_encabezado`, `k_noticia`) VALUES
('3', 'Con el apoyo del Presidente Municipal Francisco R. Abreu Vela,  que tiene como propósito incentivar la generación y consolidación de empleos, a través de las gestiones con los tres órdenes de gobierno, mediante la entrega de apoyos económicos que permitan la creación y fortalecimiento a Iniciativas de Ocupación por Cuenta Propia (IOCP).', '', '34'),
('4', 'Dentro del programa Empréndete TMX en coordinación con el Servicio Nacional de Empleo y del Servicio Estatal en coordinación con el Servicio Municipal de Empleo, se llevó a cabo la entrega de herramientas por el Presidente Municipal en el Ejido Santa Lucia, para el proyecto de la carnicería Las Gaviotas beneficiando a María Guadalupe Hernández Hernández, Elsa Pérez Ferrer y el señor José del Carmen Pérez Morales y de la estética “Lacios Express” en el subprograma Fomento al Autoempleo.', '', '34'),
('5', 'Los cuales recibieron: <br><br> Una sierra para carne y hueso, Un molino para carne y una vitrina exhibidora. Lavabo tarja móvil, Tocador Bolonia con cajonera, Sillón de corte, Mesa de manicure Antik, Sala de espera de 3 lugares, Mesa auxiliar robot, Plancha de cabello profesional, Secadora de cabello profesional.', '', '34'),
('6', 'Acompañado el Presidente Municipal, regidores del cabildo y el Secretario del Ayuntamiento, el Prof. Alberto Ara Luna, así como funcionarios públicos, realizaron la entrega de estas herramientas.', '', '34'),
('1', 'Esta mañana ante la presencia de la Profra. Graciela Trujillo de Cobo, delegada estatal de Cruz Roja, dio inicio por el presidente municipal Francisco R. Abreu Vela, la colecta de la Cruz Roja 2016, con la asistencia del presidente del consejo Jorge Anton', '', '35'),
('2', 'En este evento se le tomó protesta  la sra. Leonor Vela Maza, presidenta honoraria del DIF Municipal,  recibiendo el distintivo como presidenta honoraria de la Cruz Roja por parte de la delegada estatal.', '', '35'),
('3', 'Con la aportación de funcionarios públicos y de la asistencia ahí presente, se llevó a cabo la colecta de la Cruz Roja 2016.', '', '35'),
('4', 'Posteriormente se llevó a cabo la inauguración de la sede delegacional local de la Cruz Roja Tenosique, cortando el listón inaugural por el presidente municipal Francisco R. Abreu Vela, y la delegada estatal de la Cruz Roja, la Profra. Graciela Trujillo de Cobo.', '', '35'),
('5', 'La Cruz Roja Mexicana requiere contar con los fondos suficientes que les permita estar preparados en todo momento para proporcionar los servicios de emergencia y brindar asistencia humanitaria a la población más vulnerable del país.', '', '35'),
('1', 'Esta mañana el gobierno municipal de Tenosique a través de la Dirección de Protección Ambiental y Desarrollo Sustentable, en coordinación del DIF municipal y de la Jurisdicción Sanitaria n. 17 ,dan el banderazo de salida al programa "Descacharriza TMX" con la presencia del presidente municipal de Tenosique Ing. Francisco R. Abreu Vela, Dr. Omar Ríos Campos director de la Jurisdicción Sanitaria n. 17, Prof. Alberto Ara Luna Secretario del Ayuntamiento, la Sra. Leonor Vela Maza presidenta honoraría del DIF Municipal, Dr. Ernesto Suárez Juárez director de Protección Ambiental y Desarrollo Sustentable, General de brigada D.E.M, Lorenzo Cano Jiménez comandante de la 38/a Zona Militar así como directores y coordinadores.', '', '36'),
('2', 'Este programa tiene como objetivo levantar cacharros y aplicar saneamiento básico en todas las colonias urbanas de esta localidad, así como disminuir vectores que producen enfermedades como el dengue, chikungunya y el zika, los cuales se producen en agua estancada.\r\nSe contó con los apoyos de la unión de volqueteros que facilitaron 15 volteos los cuales se asignaron en diferentes rutas, en colaboración con los jóvenes de la UJAT y del Colegio de Bachilleres de Tabasco, plantel No. 13.\r\n', '', '36'),
('1', 'Dio inicio el torneo inter escolar infantil en las ramas femenil y varonil de balón mano, de nivel primaria, participando estudiantes de los planteles educativos de la cabecera municipal. Dentro del programa Ejercítate TMX, programa de recreación y deporte.', '', '37'),
('2', 'Las escuelas primarias Lázaro Cárdenas, Josefa Ortiz de Domínguez, República Mexicana, Colegio Tenosique, Jesús García, Guadalupe Victoria, Carlos Pellicer Cámara y la esc. Prim. Florencio Jiménez García.', '', '37'),
('3', 'El banderazo de inicio en manos del Presidente Municipal Ing. Francisco R. Abreu Vela invitando a los niños y jóvenes a realizar deporte, dijo es importante brindar las condiciones para la recreación de nuestros niños y de nuestros jóvenes para el ejercicio y el deporte. Agradeció a los padres de familia por su presencia, maestros y público en general.', '', '37'),
('4', 'Acompañado por funcionarios públicos del Gobierno Municipal, del Coordinador del Deporte Sebastián Márquez Llergo quien dio la bienvenida, así como también el agradecimiento al Presidente Municipal por estos torneos que incentivan a los estudiantes por el LEF. Jorge Alberto Tun Peregrino Coordinador Técnico Deportivo de Ligas y Clubes.', '', '37'),
('1', 'Francisco R. Abreu Vela, esta mañana realizo la entrega de becas de nivel superior a los estudiantes de diferentes centros académicos; Universidad Juárez Autónoma de Tabasco, Universidad Tecnológica del Usumacinta, Universidad Politécnica Mesoamericana y el Instituto Tecnológico Superior de los Ríos.', '“Para mejorar el nivel de vida de los ciudadanos, es necesario implementar diferentes  programas sociales encaminados a ayudar a los grupos más vulnerables y contar con una generación  de profesionistas comprometidos con nuestro municipio. Para que conjuntamente desarrollemos acciones que nos lleven a reducir la brecha ante este grave problema” en palabras del presidente municipal.', '38'),
('2', 'Beneficiando a 30 estudiantes tanto de la zona rural como de la zona urbana, beca que se otorga con recursos propios dentro del programa Jóvenes TMX, a través de la Dirección de Atención Ciudadana del municipio.', '', '38'),
('3', 'El Presidente Municipal acompañado por el cuerpo de regidores, Secretario del Ayuntamiento, el Prof. Alberto Ara Luna, la señora Leonor Vela Maza, Presidenta del Voluntariado del DIF Municipal, el Mtro. Hardy Francisco Platas Rodríguez, Coordinador de Estudios Básico en representación de la Mtra. Sandra Aguilar Hernández, Directora de la DAM Ríos Universidad Juárez Autónoma de Tabasco, la Dra. Mari Carmen Bravo Guzmán, Rectora de la Universidad Tecnológica del Usumacinta, el Mtro. José Cisneros Domínguez, de la Universidad Politécnica Mesoamericana, así como padres de familia, alumnos y funcionarios públicos.', '', '38'),
('4', 'Con este programa “Jóvenes TMX” se tiene como objetivo fortalecer el desarrollo de los jóvenes y promover la conclusión de sus estudios académicos de manera satisfactoria, esta administración tiene como prioridad fomentar los valores, apoyar la cultura y el deporte, ya que es fundamental en el desarrollo de los jóvenes, y así puedan estar preparados para enfrentar el futuro y las nuevas tecnologías, que sin lugar a dudas nos obligan a estar a la altura de las circunstancias.', '', '38'),
('1', 'Con la finalidad de dar respuesta a  las necesidades básicas de alimentación de las familias de la zona urbana del Municipio, a través de programas, como lo es el Programa Impulsa TMX, tiene por objetivo apoyar la economía de las familias, otorgando paquetes de pollos de engorda y sacos de alimento iniciador.', '', '39'),
('2', 'El presidente municipal Francisco R. Abreu Vela, realizó la entrega de pollitos en la colonia Municipal, acompañado por la sra. Leonor Vela Maza, presidenta del voluntariado DIF municipal, el secretario del ayuntamiento, prof. Alberto Ara Luna y el director de desarrollo, M.V.Z. Joel Sanguino Bautista.', '', '39'),
('3', 'Se otorgaron paquetes de pollos de engorda (10 pollitos y un saco de 5kg de alimento iniciador), equivalente a 500 sacos de alimento y 5,000 pollos de engorda, con esto se hace una inversión de $ 75 mil pesos, para 500 familias beneficiadas en 9 colonias de nuestro Municipio; Tenosique 2000, la Raza, la Esperanza, Magisterial, Benito Juárez, san Miguelito, Roberto Madrazo, Obrera y Municipal.', '', '39'),
('4', '‘El desarrollo económico de las personas en el Municipio es prioridad en el motor productivo de nuestra sociedad dando soluciones integrales y este es un gran paso para lograr esta meta, seguiremos trabajando por el bien de los Tenosiquenses’, argumento el presidente municipal.', '', '39'),
('1', 'Con el compromiso de tener una sociedad segura y protegida se han implementado por el presidente municipal de Tenosique Francisco R. Abreu Vela, a través de la Dirección de Seguridad Pública, pláticas dirigidas a los jóvenes estudiantes del nivel medio superior, con el objetivo de dar a conocer la prevención en temas fundamentales como son; el alcoholismo, la drogadicción, la desintegración familiar, a si también como el servicio profesional de carrera policial como una opción más para los que deseen incursionar en esta carrera.', '', '40'),
('2', 'En esta ocasión se llevaron a cabo estas pláticas en la escuela secundaria Lázaro Cárdenas del Río, donde el director de Seguridad Pública municipal el Comisario. Carlos Saldaña Pacheco y abogados en el tema de justicia impartieron estas pláticas a los jóvenes estudiantes, cabe hacer mención que estos programas y acciones están enmarcados dentro de los 100 días de gobierno municipal, con estas acciones se fortalece y protege a la juventud tenosiquense.', '', '40'),
('1', 'El día de hoy se llevó a cabo la entrega de herramientas del programa Iniciativa Ocupacional por Cuenta Propia (IOCP), en esta ocasión la entrega fue a la carpintería “La Lupita” ubica en la calle Bambú s/n de la colonia Luis Gómez Zepeda.', '', '41'),
('2', 'Dicho beneficio fue para el señor Trinidad Contreras Magaña, la cual recibió; una lijadora de banda, un cepillo eléctrico, un compresor lubricado vertical, un taladro marca Bosch, un router industrial y una sierra caladora industrial.', '', '41'),
('3', 'En representación del presidente municipal Francisco R. Abreu Vela, asistió el secretario del Ayuntamiento, el prof. Alberto Ara Luna, así como funcionarios públicos, realizaron la entrega de herramientas, cabe mencionar que el programa Emprende TMX, es iniciativa de esta administración y se lleva a cabo, a través de las gestiones federales y estatales.', '', '41'),
('1', 'En el marco del programa de los 100 días de gobierno, se llevó a cabo el banderazo de inicio de los talleres de educación ambiental, el objetivo de estos talleres es fomentar el cuidado de nuestro ecosistema y que mejor manera que empezando por el futuro de nuestro municipio como lo es nuestra niñez.', '', '42'),
('2', 'La meta es la reforestación de 12 espacios públicos, beneficiando con esto a más de 32 mil habitantes.', '', '42'),
('3', 'El banderazo de inicio lo dio el presidente municipal Francisco R. Abreu Vela, en la escuela primaria Josefa Ortiz de Domínguez, ubicada en la colonia Municipal, acompañado por el secretario del ayuntamiento, prof. Alberto Ara Luna, el director de medio ambiente y desarrollo sustentable, el Dr. Ernesto Suárez Juárez, el director de la escuela primaria Josefa Ortiz de Domínguez, prof. Santiago Torres Centeno, así como padres de familia y alumnos.', '', '42'),
('4', 'El palabras del presidente municipal “estas pláticas son un tema de gran interés para la ciudadanía, que es fomentar la sensibilización a través del cuidado y el mejoramiento del medio ambiente, promoviendo la participación de niños y jóvenes mediante la implementación de talleres de educación ambiental, impulsados por esta administración”, argumento. ', '', '42'),
('1', 'Con una inversión superior a los $80 mil pesos, dentro del programa “Emprende TMX”, se capacitaron a 30 microempresarios en prácticas laborales y autoempleo, asesoría de administración de negocios.\r\nAl término de estas capacitaciones se hizo entrega de herramientas de trabajo con 30 equipos de cómputo,  software administrativo y 100 folios de facturación electrónica.\r\n', 'Emprende TMX', '43'),
('2', 'Este programa empresarial y equipamiento tecnológico para micronegocios, fue iniciativa del presidente municipal Francisco R. Abreu Vela, con el compromiso de trabajar en el desarrollo de nuestro municipio, basado en los 5 ejes estratégicos siendo primordial y de suma importancia para los tenosiquenses, el desarrollo económico sustentable.', '', '43'),
('3', 'En esta entrega de laptops por el presidente municipal, en su mensaje reitero “hemos puesto en marcha el programa Emprende TMX, con diversas actividades dirigidas a emprender o mejorar su negocio, debo recalcar  que el bienestar de la población, así como lograr beneficios directos y entregar mejores resultados en nuestro compromiso”.', '', '43'),
('4', 'En este evento realizado por el gobierno municipal, en coordinación con el gobierno Estatal, a través de la dirección de fomento económico y turismo, estuvieron presentes los microempresarios, la presidenta del Voluntariado DIF municipal, la señora Leonor Vela Maza, el secretario del ayuntamiento, el prof. Alberto Ara Luna, la sindico de hacienda, la Lic. Jhojanny de Jesús Vázquez Cuj y el Lic. Luis Alfonso Corvera Valenzuela, director general de PRIOTAB.', '', '43'),
('1', 'En Tenosique esta mañana da inicio la semana de educación vial, en palabras del presidente municipal Francisco R. Abreu Vela, externo;  “esta semana tiene una enorme importancia, buscamos sensibilizar y hacer conciencia en la población sobre la prevención de los hechos de tránsito, dada la importancia que tiene la seguridad vial en nuestras vidas.', '', '44'),
('2', 'Hemos impulsado desde los centros educativos de nuestro municipio la impartición de dichos talleres, con lo que se buscará fortalecer la Educación Vial y la propia cultura entre niños, jóvenes y adultos, de esta manera pretender que desde pequeños tengan clara las normas de tránsito y vialidad”.', '', '44'),
('3', 'El evento se llevó a cabo en las instalaciones de la escuela primaria Benito Juárez, donde estuvo presente el presidente municipal acompañado por el secretario del Ayuntamiento, el prof. Alberto Ara Luna, el cuerpo de regidores, el director de tránsito municipal, comte. Javier Alfonso Mex Suarez, el prof. José Pasitos Hernández Hernández, jefe de sector educación primaria, el director de la primaria Benito Juárez, prof. José Mario Mosqueda Pérez, padres de familia y alumnos.', '', '44'),
('4', 'En la intervención del director de tránsito argumento que con respecto a la seguridad vial, los esfuerzos irán dirigidos a fortalecer a la policía de tránsito municipal y trabajar en coordinación con la ciudadanía en favor de presentar servicios más eficientes de manera que las personas y sus vehículos se trasladen de manera ordenada, fluida, segura, como para los que conducen, como para los transeúntes, ciclistas y motociclistas.\r\n“Si se educa al niño de hoy, no se infraccionará al hombre de mañana”\r\n', '', '44'),
('1', 'El día de hoy se dio por iniciado el foro de consulta ciudadana y mesas de trabajo para la realización del plan municipal de desarrollo 2016-2018, estos foros de consulta ciudadana, nos orientarán en el quehacer de los sectores social y privado para que juntos sociedad y gobierno  se construya el mejor futuro de Tenosique.', '', '45'),
('2', 'En presencia del presidente municipal y presidente del (COPLADEMUN) el Ing. Francisco R. Abreu Vela, acompañado del secretario del Ayuntamiento, Prof. Alberto Ara Luna, del director de programación, director del COPLADEMUN LAE. Héctor Manuel Barahona Palma, regidores, directores y coordinadores del  Ayuntamiento de Tenosique, representantes de los sectores productivos, organizaciones sociales, instituciones educativas, profesionistas y ciudadanos en general, iniciaron los trabajos de los foros de consulta ciudadana y mesas de trabajo.', '', '45'),
('3', 'Tenemos que lograr un Tenosique de generaciones completas, hoy a través de estas mesas de trabajo sentaremos las bases para detonar nuestras capacidades productivas, como dije hace unas semanas, “mi gobierno garantiza Igualdad para todos y privilegios para nadie, integraremos también las propuestas que recogimos en su momento como candidato y ahora en funciones como presidente municipal desde el primer día que empezamos a trabajar en esta administración” externó el presidente municipal Francisco R. Abreu Vela.', '', '45'),
('1', 'Continúan las Brigadas del DIF Tenosique “Construyendo Sonrisas”, en esta ocasión se llevó a cabo en las colonias; Lázaro Cárdenas y Municipal, donde las familias de estas colonias recibieron atención gratuita.', '', '46'),
('2', 'El DIF municipal proporcionó; cortes de cabello, atención médica, odontológica, bazar de ropa, registro civil, asesoría legal, el INAPAM, pláticas de PAMAR, revisiones ortopédicas, zumba para los pequeños.', '', '46'),
('3', 'Con esta atención a la ciudadanía, la presidenta del voluntariado de Tenosique la Sra. Leonor Vela Maza, inicia en una de las colonias más vulnerables del municipio estas brigadas “Construyendo Sonrisas”.\r\nEn su mensaje la presidenta del voluntariado DIF Tenosique reafirmó el compromiso social de esta administración, que es darle y brindar la atención y apoyo a los grupos vulnerables que más lo necesitan así también como la integración de las familias lográndolo con las actividades que se realizan a través del DIF.\r\n', '', '46'),
('4', '“El solidarizarnos con ellos representa la ayuda humanitaria y social que se requiere en cualquier sociedad.” Ha mencionado la sra. Leonor Vela Maza. El servicio social es lo que permite una sociedad más unida y consciente en el desarrollo social del municipio.', '', '46'),
('1', 'Con el compromiso sellado ante la sociedad estudiantil de 37 planteles educativos, el Ing. Francisco R. Abreu Vela, presidente municipal de Tenosique da el banderazo da inicio el programa “subsidio de becas de transporte escolar el cual se realiza a través de la dirección de atención ciudadana, obteniendo como eje fundamental el disminuir la deserción escolar.', '', '47'),
('2', 'Con más de 3 millones de pesos con recursos propios de la administración, en beneficio para cerca de 1,600 alumnos, donde 31 unidades transportarán a estudiantes de escuelas, entre preescolar, primarias, secundarias y universidades del municipio, abarcando el 72.04% de las localidades rurales.', '', '47'),
('3', 'En este evento tan importante tan importante presidido por el presidente municipal Francisco R. Abreu Vela, quien estuvo acompañado por la presidenta honoraria del DIF municipal, la señora Leonor Vela Maza, el secretario del ayuntamiento, el prof. Alberto Ara Luna, los regidores del cabildo, el mtro. Elmer Jiménez Ricardez, jefe de sector n. 5 nivel telesecundaria, el prof. José Pasito Hernández Hernández, jefe de sector n. 16 nivel primaria.', '', '47'),
('4', '“El compromiso que hoy nos reúne, es el inicio de uno de los proyectos más ambiciosos y de mayor transcendencia para nuestra administración.\r\nEste programa de apoyo de transporte escolar gratuito que con recursos propios, es la punta de la lanza de una serie de acciones que llevaremos a cabo, para abatir los índices de deserción escolar.\r\n', '', '47'),
('5', 'El compromiso con los jóvenes y la promesa es el bienestar de nuestros jóvenes, de su futuro y de su desarrollo profesional” externo el presidente municipal Francisco R. Abreu Vela.', '', '47'),
('1', 'Cierra con éxito la semana estatal y municipal de educación vial en el municipio.', '', '48'),
('2', 'El gobierno municipal de Tenosique, a través de la Dirección de Transito finalizaron la  semana de educación vial, con una marcha acompañados por alumnos y padres de familias de diversas escuelas primarias y alumnos de la Universidad Juárez Autónoma de Tabasco DAMríos, iniciando en la glorieta a José María Pino Suárez hasta culminar el recorrido en el espacio cultural para la danza del pochó, en donde el Presidente Municipal el Ing. Francisco R. Abreu Vela acompañado de Prof. Alberto Ara Luna, Secretario del Ayuntamiento, CMTE. Javier Alfonso Mex Suárez, Director de Tránsito Municipal, y Elizabeth Aquino Morales, oficial encargada del área de Educación Vial, agradecieron la participación y disposición de las instituciones educativas, alumnos y padres de familia.', '', '48'),
('3', '“Mejorar la seguridad vial es una responsabilidad compartida, hemos cumplido con lo programado para llevar a cabo esta semana, los cursos para tener una cultura vial integral con un propósito fundamental, de reducir las cifras de accidentes en nuestro municipio” Expresó el Ing. Francisco R. Abreu Vela, en donde también agradeció la participación entusiasta de estudiantes, padres de familia y de la sociedad en general, pero sobre todo a los agentes de tránsito por el esfuerzo, dedicación y compromiso para finalizar esta semana con gran éxito.', '', '48'),
('1', 'El gobierno municipal de Tenosique, que preside el Ing. Francisco R. Abreu Vela, a través de la Unidad de Protección Civil municipal, implementan el programa de protección y auxilio en los sitios turísticos a vacacionistas en el municipio, “Vacaciones Seguras” con una duración del 24 al 28 de marzo del presente año, con un horario de 10:00 am a 18:00 hrs. ', '“Vacaciones Seguras 2016”', '49'),
('2', 'Esta administración está consciente de los diversos sitios de atracción turística y bellezas naturales con las que cuenta el municipio, desde centros recreativos, balnearios e importantes centros culturales; por lo que  durante el próximo periodo incrementa la afluencia de visitantes de distintas partes del Estado y la República, esta situación puede incrementar la posibilidad de que ocurra un accidente, debido a la falta de precaución de los turistas.', '', '49'),
('3', 'Por esta razón el presidente municipal, a través de la unidad de protección civil, hacen un atento llamado al público en general para que se sigan las siguientes medidas durante su visita al municipio:', '', '49'),
('4', '*Respetar los señalamientos de tránsito.<br>\r\n*Respetar los límites de velocidad.<br>\r\n*Manejar con precaución, cortesía y no ingerir bebidas alcohólicas al conducir sus vehículos.<br>\r\n*No nadar en aguas profundas, ni navegar en ríos donde las corrientes son muy fuertes y peligrosas.<br>\r\n*No introducirse al agua después de haber ingerido alimentos o bebidas embriagantes.<br>\r\n*No traspasar los señalamientos de las áreas de seguridad implementadas en las playas. <br>\r\n', '', '49'),
('5', 'La unidad operativa de Protección Civil del municipio coordinará dicho operativo, en conjunto con otras dependencias como son la Dirección de Seguridad Pública municipal, para poder preservar el orden, haciendo recorridos por lo lugares turísticos.', '', '49'),
('6', 'De igual manera la Jurisdicción Sanitaria se encargará de la limpieza y fumigación para moscos, con la participación de la Cruz Roja Mexicana, Tránsito Municipal y Protección Civil del Estado. ', '', '49'),
('7', 'Se contará con trípticos informativos, señalización con boyas en los puntos de mayor importancia, así como personal de vigilancia en las zonas restringidas.', '', '49'),
('8', 'Por su parte, la unidad de Protección Civil en el municipio, Julián Celorio Moreno, especificó que los sitios en los que se implementará el Programa “Vacaciones Seguras 2016” serán los siguientes:', '', '49'),
('9', '*Parador Turístico en el poblado Boca del Cerro entronque km. 12, carretera Tenosique- Emiliano Zapata.<br> \r\n*“El Recreo”, frente al malecón de la Ciudad de Tenosique.<br>\r\n*Pob. Pino Suárez 1ra. a 62 km de Tenosique por carretera.<br>\r\n*Pob. Pino Suárez 2da. sección.<br>\r\n*“La Isla”, a 6 km. del balneario Boca del Cerro.<br>\r\n*Tutu-Lliha ubicado sobre la carretera al ejido Adolfo López Mateos.\r\n', '', '49'),
('10', 'Con esta campaña “Vacaciones Seguras 2016” nuestra intención es darle al público las indicaciones para tener un periodo vacacional reduciendo al máximo incidentes y tener unas vacaciones tranquilas.', '', '49'),
('1', 'Esta mañana el gobierno municipal de Tenosique a través de la Unidad de Protección Civil, Seguridad Pública, Transito municipal, en coordinación con la Jurisdicción Sanitaria n. 17 y la Cruz Roja, el presidente municipal Francisco R. Abreu Vela,  dio el banderazo de salida al programa de “Vacaciones Seguras Tenosique 2016”, este programa prevé resguardar la integridad física de los visitantes, que visitarán los diferentes centros turísticos con los que cuenta nuestro municipio.', '', '50'),
('2', 'El director de la unidad de protección civil, Julián Antonio Celorio Moreno mencionó que se estará trabajando de manera coordinada con las diferentes instituciones del orden público como lo son; seguridad pública y tránsito municipal, de igual manera con las instituciones de salud pública y atención medica como la jurisdicción sanitaria y la cruz roja mexicana, quienes estarán cubriendo los diferentes centros turísticos de este municipio, con el objetivo de concientizar a los visitantes y se pueda prever cualquier incidente que suceda en estos días en el que se estará implementando este programa con duración de 4 días; 24, 25, 26 y 27 de marzo del presente año.', '', '50'),
('3', 'El presidente municipal Francisco R. Abreu Vela agradeció a todos los elementos que gracias a su disposición, a su trabajo, a su entrega, es por lo que podemos garantizar la seguridad de nuestros visitantes y la seguridad de los tenosiquenses, y mencionó que de manera preventiva se van a estar haciendo revisiones rutinarias, con rutas muy claras habrá módulos de información a través de la coordinación de turismo, y  auxilio vial, desde luego también la recomendación de nuestros amigo hoteleros y restauranteros, donde Tenosique cuenta con un excelente servicio en este rubro.', '', '50'),
('4', 'Con esto vamos a dar pie para que los turistas hablen bien de Tenosique, que se sientan acogidos, se sientan con un buen servicio, con una buena atención y nos sigan recomendando, para que, en las próximas vacaciones sigan viniendo al mejor lugar, Tenosique. Finalizó el presidente municipal Francisco R. Abreu Vela.', '', '50'),
('1', 'En el marco del día mundial del síndrome de down, el Ayuntamiento de Tenosique  que preside el Ing. Francisco R. Abreu Vela, a través del DIF Municipal, llevaron a cabo en sus instalaciones un desayuno a niños y padres de familia con síndrome de down, que son atendidos en la escuela especial, en dicho evento asistieron la Sra. Leonor Vela Maza, Presidenta del Voluntario del DIF Municipal, Lic. Reyna Isabel Clemente Custodio, Coordinadora General del DIF Municipal,  Prof. Alberto Ara Luna, Secretario del Ayuntamiento, el cuerpo de regidores y doctores del municipio.', '', '51'),
('2', '“Agradezco a todos y cada uno de los presentes, el poder llevar a cabo este desayuno para nuestros niños down, vamos a seguir trabajando de manera incansable por nuestros niños, para que tengan mayores oportunidades de desarrollo” expreso la Sra. Leonor Vela Maza, Presidenta del Voluntariado del DIF Municipal.', '', '51');

-- --------------------------------------------------------

--
-- Estructura de tabla para la tabla `cat_tipos_imagenes`
--

CREATE TABLE `cat_tipos_imagenes` (
  `k_tipo_imagen` decimal(2,0) NOT NULL,
  `cti_descripcion` text
) ENGINE=InnoDB DEFAULT CHARSET=latin1;

--
-- Volcado de datos para la tabla `cat_tipos_imagenes`
--

INSERT INTO `cat_tipos_imagenes` (`k_tipo_imagen`, `cti_descripcion`) VALUES
('1', 'Principal'),
('2', 'Secundaria');

--
-- Índices para tablas volcadas
--

--
-- Indices de la tabla `cat_comentarios`
--
ALTER TABLE `cat_comentarios`
  ADD PRIMARY KEY (`k_comentario`);

--
-- Indices de la tabla `cat_imagenes_noticias`
--
ALTER TABLE `cat_imagenes_noticias`
  ADD PRIMARY KEY (`k_noticia`,`k_imagen_noticia`),
  ADD KEY `R_2` (`k_tipo_imagen`);

--
-- Indices de la tabla `cat_noticias`
--
ALTER TABLE `cat_noticias`
  ADD PRIMARY KEY (`k_noticia`);

--
-- Indices de la tabla `cat_parrafos_noticias`
--
ALTER TABLE `cat_parrafos_noticias`
  ADD PRIMARY KEY (`k_noticia`,`k_parrafo_noticia`);

--
-- Indices de la tabla `cat_tipos_imagenes`
--
ALTER TABLE `cat_tipos_imagenes`
  ADD PRIMARY KEY (`k_tipo_imagen`);

--
-- Restricciones para tablas volcadas
--

--
-- Filtros para la tabla `cat_imagenes_noticias`
--
ALTER TABLE `cat_imagenes_noticias`
  ADD CONSTRAINT `cat_imagenes_noticias_ibfk_1` FOREIGN KEY (`k_noticia`) REFERENCES `cat_noticias` (`k_noticia`),
  ADD CONSTRAINT `cat_imagenes_noticias_ibfk_2` FOREIGN KEY (`k_tipo_imagen`) REFERENCES `cat_tipos_imagenes` (`k_tipo_imagen`);

--
-- Filtros para la tabla `cat_parrafos_noticias`
--
ALTER TABLE `cat_parrafos_noticias`
  ADD CONSTRAINT `cat_parrafos_noticias_ibfk_1` FOREIGN KEY (`k_noticia`) REFERENCES `cat_noticias` (`k_noticia`);

